{"id":3689,"date":"2022-11-27T16:25:19","date_gmt":"2022-11-27T19:25:19","guid":{"rendered":"https:\/\/viajandocomtoledo.com.br\/loja\/?post_type=product&#038;p=3689"},"modified":"2026-01-08T12:07:25","modified_gmt":"2026-01-08T15:07:25","slug":"doce-de-leite-com-cafe-viajando-com-toledo-700g","status":"publish","type":"product","link":"https:\/\/viajandocomtoledo.com.br\/loja\/produto\/doce-de-leite-com-cafe-viajando-com-toledo-700g\/","title":{"rendered":"Doce de leite com Caf\u00e9 Viajando com Toledo 700g"},"content":{"rendered":"<blockquote>\n<p style=\"text-align: center;\" data-start=\"183\" data-end=\"585\">Direto da Fazenda C\u00f3rrego Alto, em Dores de Guanh\u00e3es, Minas Gerais, o Doce de Leite Viajando com Toledo com Caf\u00e9 traz a uni\u00e3o perfeita de dois \u00edcones mineiros: o tradicional doce de leite artesanal e o caf\u00e9 100% ar\u00e1bica. Feito com leite fresco selecionado e a\u00e7\u00facar, cozidos lentamente em fogo baixo at\u00e9 atingir uma textura cremosa e aveludada. O toque de caf\u00e9 adiciona uma nota marcante e sofisticada, sem perder a suavidade do doce de leite. O resultado \u00e9 um sabor equilibrado, com leve amargor e aromas que despertam os sentidos, ideal para quem busca uma experi\u00eancia diferenciada e aut\u00eantica.<\/p>\n<\/blockquote>\n<p>&nbsp;<\/p>\n<h2 style=\"text-align: center;\">CARACTER\u00cdSTICAS<\/h2>\n<ul>\n<li><strong><em>Regi\u00e3o:\u00a0<\/em><\/strong><em>Dores de Guanh\u00e3es \/ Minas Gerais.<\/em><\/li>\n<li><strong><em>Tradi\u00e7\u00e3o:\u00a0<\/em><\/strong><em>Doce de leite feito artesanalmente.<\/em><\/li>\n<li><strong><em>Material da embalagem:\u00a0<\/em><\/strong><em>Vidro.<\/em><\/li>\n<li><em>Provada e aprovada por Ot\u00e1vio di Toledo.<\/em><\/li>\n<\/ul>\n<h2 style=\"text-align: center;\">Conserva\u00e7\u00e3o<\/h2>\n<p style=\"text-align: center;\">Ap\u00f3s aberto manter refrigerado e consumir em at\u00e9 7 dias.<\/p>\n<h2 style=\"text-align: center;\">TABELA NUTRICIONAL 1 POR\u00c7\u00c3O<\/h2>\n<ul>\n<li>Valor energ\u00e9tico 60 kcal<\/li>\n<li>Carboidratos (g) 9,1<\/li>\n<li>A\u00e7\u00facares totais (g) 8,6<\/li>\n<li>A\u00e7\u00facares adicionados (g) 6,4<\/li>\n<li>Prote\u00ednas (g) 1,7g<\/li>\n<li>Gorduras totais (g) 1,8<\/li>\n<li>Gorduras saturadas (g) 0,9<\/li>\n<li>Gorduras saturadas (g) 0<\/li>\n<li>Fibra alimentares (g) 0<\/li>\n<li>S\u00f3dio (mg) 31<\/li>\n<\/ul>\n<h2 style=\"text-align: center;\">NOSSA MISS\u00c3O<\/h2>\n<p style=\"text-align: center;\">Buscando sempre mostrar o que h\u00e1 de melhor nos produtos ou nos lugares de Minas Gerais e do Brasil, o Viajando com Toledo tem a miss\u00e3o de levar at\u00e9 voc\u00ea uma experi\u00eancia adquirida em mais de 22 anos de estrada, por onde conhecemos a cultura, o turismo, o meio ambiente e as ra\u00edzes do nosso pa\u00eds. Compre em uma loja com produtos 100% mineiros.<\/p>\n","protected":false},"excerpt":{"rendered":"<p style=\"text-align: center;\" data-start=\"183\" data-end=\"585\">Direto da Fazenda C\u00f3rrego Alto, em Dores de Guanh\u00e3es, Minas Gerais, o Doce de Leite Viajando com Toledo com Caf\u00e9 traz a uni\u00e3o perfeita de dois \u00edcones mineiros: o tradicional doce de leite artesanal e o caf\u00e9 100% ar\u00e1bica. Feito com leite fresco selecionado e a\u00e7\u00facar, cozidos lentamente em fogo baixo at\u00e9 atingir uma textura cremosa e aveludada. O toque de caf\u00e9 adiciona uma nota marcante e sofisticada, sem perder a suavidade do doce de leite. O resultado \u00e9 um sabor equilibrado, com leve amargor e aromas que despertam os sentidos, ideal para quem busca uma experi\u00eancia diferenciada e aut\u00eantica.<\/p>\n<h2 style=\"text-align: center;\">CARACTER\u00cdSTICAS<\/h2>\n<ul>\n<li><strong><em>Regi\u00e3o:\u00a0<\/em><\/strong><em>Dores de Guanh\u00e3es \/ Minas Gerais.<\/em><\/li>\n<li><strong><em>Tradi\u00e7\u00e3o:\u00a0<\/em><\/strong><em>Doce de leite feito artesanalmente.<\/em><\/li>\n<li><strong><em>Material da embalagem:\u00a0<\/em><\/strong><em>Vidro.<\/em><\/li>\n<li><em>Provada e aprovada por Ot\u00e1vio di Toledo.<\/em><\/li>\n<\/ul>\n<h2 style=\"text-align: center;\">Conserva\u00e7\u00e3o<\/h2>\n<p style=\"text-align: center;\">Ap\u00f3s aberto manter refrigerado e consumir em at\u00e9 7 dias.<\/p>\n<h2 style=\"text-align: center;\">TABELA NUTRICIONAL 1 POR\u00c7\u00c3O<\/h2>\n<ul>\n<li>Valor energ\u00e9tico 60 kcal<\/li>\n<li>Carboidratos (g) 9,1<\/li>\n<li>A\u00e7\u00facares totais (g) 8,6<\/li>\n<li>A\u00e7\u00facares adicionados (g) 6,4<\/li>\n<li>Prote\u00ednas (g) 1,7g<\/li>\n<li>Gorduras totais (g) 1,8<\/li>\n<li>Gorduras saturadas (g) 0,9<\/li>\n<li>Gorduras saturadas (g) 0<\/li>\n<li>Fibra alimentares (g) 0<\/li>\n<li>S\u00f3dio (mg) 31<\/li>\n<\/ul>\n<h2 style=\"text-align: center;\">NOSSA MISS\u00c3O<\/h2>\n<p style=\"text-align: center;\">Buscando sempre mostrar o que h\u00e1 de melhor nos produtos ou nos lugares de Minas Gerais e do Brasil, o Viajando com Toledo tem a miss\u00e3o de levar at\u00e9 voc\u00ea uma experi\u00eancia adquirida em mais de 22 anos de estrada, por onde conhecemos a cultura, o turismo, o meio ambiente e as ra\u00edzes do nosso pa\u00eds. Compre em uma loja com produtos 100% mineiros.<\/p>\n","protected":false},"featured_media":3739,"comment_status":"closed","ping_status":"closed","template":"","meta":{"_acf_changed":false,"_monsterinsights_skip_tracking":false,"_monsterinsights_sitenote_active":false,"_monsterinsights_sitenote_note":"","_monsterinsights_sitenote_category":0},"product_cat":[53,67],"product_tag":[],"class_list":{"0":"post-3689","1":"product","2":"type-product","3":"status-publish","4":"has-post-thumbnail","6":"product_cat-doces","7":"product_cat-rio-doce","8":"product_shipping_class-produtos-diversos","10":"first","11":"instock","12":"taxable","13":"shipping-taxable","14":"purchasable","15":"product-type-simple"},"acf":[],"aioseo_notices":[],"yoast_head":"<!-- This site is optimized with the Yoast SEO plugin v25.8 - https:\/\/yoast.com\/wordpress\/plugins\/seo\/ -->\n<title>Doce de leite com Caf\u00e9 Viajando com Toledo 700g - Loja Viajando com Toledo<\/title>\n<meta name=\"description\" content=\"Doce de Leite Tradicional - Exclusivo em nossa Loja - Envio imediato - Parcele em at\u00e9 3x sem juros\" \/>\n<meta name=\"robots\" content=\"index, follow, max-snippet:-1, max-image-preview:large, max-video-preview:-1\" \/>\n<link rel=\"canonical\" href=\"https:\/\/viajandocomtoledo.com.br\/loja\/produto\/doce-de-leite-com-cafe-viajando-com-toledo-700g\/\" \/>\n<meta property=\"og:locale\" content=\"pt_BR\" \/>\n<meta property=\"og:type\" content=\"article\" \/>\n<meta property=\"og:title\" content=\"Doce de leite com Caf\u00e9 Viajando com Toledo 700g - Loja Viajando com Toledo\" \/>\n<meta property=\"og:description\" content=\"Doce de Leite Tradicional - Exclusivo em nossa Loja - Envio imediato - Parcele em at\u00e9 3x sem juros\" \/>\n<meta property=\"og:url\" content=\"https:\/\/viajandocomtoledo.com.br\/loja\/produto\/doce-de-leite-com-cafe-viajando-com-toledo-700g\/\" \/>\n<meta property=\"og:site_name\" content=\"Loja Viajando com Toledo\" \/>\n<meta property=\"article:publisher\" content=\"https:\/\/web.facebook.com\/viajandocomtoledo\" \/>\n<meta property=\"article:modified_time\" content=\"2026-01-08T15:07:25+00:00\" \/>\n<meta property=\"og:image\" content=\"https:\/\/viajandocomtoledo.com.br\/loja\/wp-content\/uploads\/2022\/11\/2-2.png\" \/>\n\t<meta property=\"og:image:width\" content=\"1080\" \/>\n\t<meta property=\"og:image:height\" content=\"1080\" \/>\n\t<meta property=\"og:image:type\" content=\"image\/png\" \/>\n<meta name=\"twitter:card\" content=\"summary_large_image\" \/>\n<meta name=\"twitter:label1\" content=\"Est. tempo de leitura\" \/>\n\t<meta name=\"twitter:data1\" content=\"1 minuto\" \/>\n<script type=\"application\/ld+json\" class=\"yoast-schema-graph\">{\"@context\":\"https:\/\/schema.org\",\"@graph\":[{\"@type\":\"WebPage\",\"@id\":\"https:\/\/viajandocomtoledo.com.br\/loja\/produto\/doce-de-leite-com-cafe-viajando-com-toledo-700g\/\",\"url\":\"https:\/\/viajandocomtoledo.com.br\/loja\/produto\/doce-de-leite-com-cafe-viajando-com-toledo-700g\/\",\"name\":\"Doce de leite com Caf\u00e9 Viajando com Toledo 700g - Loja Viajando com Toledo\",\"isPartOf\":{\"@id\":\"https:\/\/viajandocomtoledo.com.br\/loja\/#website\"},\"primaryImageOfPage\":{\"@id\":\"https:\/\/viajandocomtoledo.com.br\/loja\/produto\/doce-de-leite-com-cafe-viajando-com-toledo-700g\/#primaryimage\"},\"image\":{\"@id\":\"https:\/\/viajandocomtoledo.com.br\/loja\/produto\/doce-de-leite-com-cafe-viajando-com-toledo-700g\/#primaryimage\"},\"thumbnailUrl\":\"https:\/\/viajandocomtoledo.com.br\/loja\/wp-content\/uploads\/2022\/11\/2-2.png\",\"datePublished\":\"2022-11-27T19:25:19+00:00\",\"dateModified\":\"2026-01-08T15:07:25+00:00\",\"description\":\"Doce de Leite Tradicional - Exclusivo em nossa Loja - Envio imediato - Parcele em at\u00e9 3x sem juros\",\"breadcrumb\":{\"@id\":\"https:\/\/viajandocomtoledo.com.br\/loja\/produto\/doce-de-leite-com-cafe-viajando-com-toledo-700g\/#breadcrumb\"},\"inLanguage\":\"pt-BR\",\"potentialAction\":[{\"@type\":\"ReadAction\",\"target\":[\"https:\/\/viajandocomtoledo.com.br\/loja\/produto\/doce-de-leite-com-cafe-viajando-com-toledo-700g\/\"]}]},{\"@type\":\"ImageObject\",\"inLanguage\":\"pt-BR\",\"@id\":\"https:\/\/viajandocomtoledo.com.br\/loja\/produto\/doce-de-leite-com-cafe-viajando-com-toledo-700g\/#primaryimage\",\"url\":\"https:\/\/viajandocomtoledo.com.br\/loja\/wp-content\/uploads\/2022\/11\/2-2.png\",\"contentUrl\":\"https:\/\/viajandocomtoledo.com.br\/loja\/wp-content\/uploads\/2022\/11\/2-2.png\",\"width\":1080,\"height\":1080},{\"@type\":\"BreadcrumbList\",\"@id\":\"https:\/\/viajandocomtoledo.com.br\/loja\/produto\/doce-de-leite-com-cafe-viajando-com-toledo-700g\/#breadcrumb\",\"itemListElement\":[{\"@type\":\"ListItem\",\"position\":1,\"name\":\"In\u00edcio\",\"item\":\"https:\/\/viajandocomtoledo.com.br\/loja\/\"},{\"@type\":\"ListItem\",\"position\":2,\"name\":\"Produtos\",\"item\":\"https:\/\/viajandocomtoledo.com.br\/loja\/\"},{\"@type\":\"ListItem\",\"position\":3,\"name\":\"Doce de leite com Caf\u00e9 Viajando com Toledo 700g\"}]},{\"@type\":\"WebSite\",\"@id\":\"https:\/\/viajandocomtoledo.com.br\/loja\/#website\",\"url\":\"https:\/\/viajandocomtoledo.com.br\/loja\/\",\"name\":\"Loja Viajando com Toledo\",\"description\":\"Loja do site - Viajando com Toledo\",\"publisher\":{\"@id\":\"https:\/\/viajandocomtoledo.com.br\/loja\/#organization\"},\"potentialAction\":[{\"@type\":\"SearchAction\",\"target\":{\"@type\":\"EntryPoint\",\"urlTemplate\":\"https:\/\/viajandocomtoledo.com.br\/loja\/?s={search_term_string}\"},\"query-input\":{\"@type\":\"PropertyValueSpecification\",\"valueRequired\":true,\"valueName\":\"search_term_string\"}}],\"inLanguage\":\"pt-BR\"},{\"@type\":\"Organization\",\"@id\":\"https:\/\/viajandocomtoledo.com.br\/loja\/#organization\",\"name\":\"Loja Viajando com Toledo\",\"url\":\"https:\/\/viajandocomtoledo.com.br\/loja\/\",\"logo\":{\"@type\":\"ImageObject\",\"inLanguage\":\"pt-BR\",\"@id\":\"https:\/\/viajandocomtoledo.com.br\/loja\/#\/schema\/logo\/image\/\",\"url\":\"https:\/\/viajandocomtoledo.com.br\/loja\/wp-content\/uploads\/2021\/07\/LOGO-VCT-e1626871875731.png\",\"contentUrl\":\"https:\/\/viajandocomtoledo.com.br\/loja\/wp-content\/uploads\/2021\/07\/LOGO-VCT-e1626871875731.png\",\"width\":100,\"height\":46,\"caption\":\"Loja Viajando com Toledo\"},\"image\":{\"@id\":\"https:\/\/viajandocomtoledo.com.br\/loja\/#\/schema\/logo\/image\/\"},\"sameAs\":[\"https:\/\/web.facebook.com\/viajandocomtoledo\",\"https:\/\/www.instagram.com\/viajandocomtoledo\/\"]}]}<\/script>\n<!-- \/ Yoast SEO plugin. -->","yoast_head_json":{"title":"Doce de leite com Caf\u00e9 Viajando com Toledo 700g - Loja Viajando com Toledo","description":"Doce de Leite Tradicional - Exclusivo em nossa Loja - Envio imediato - Parcele em at\u00e9 3x sem juros","robots":{"index":"index","follow":"follow","max-snippet":"max-snippet:-1","max-image-preview":"max-image-preview:large","max-video-preview":"max-video-preview:-1"},"canonical":"https:\/\/viajandocomtoledo.com.br\/loja\/produto\/doce-de-leite-com-cafe-viajando-com-toledo-700g\/","og_locale":"pt_BR","og_type":"article","og_title":"Doce de leite com Caf\u00e9 Viajando com Toledo 700g - Loja Viajando com Toledo","og_description":"Doce de Leite Tradicional - Exclusivo em nossa Loja - Envio imediato - Parcele em at\u00e9 3x sem juros","og_url":"https:\/\/viajandocomtoledo.com.br\/loja\/produto\/doce-de-leite-com-cafe-viajando-com-toledo-700g\/","og_site_name":"Loja Viajando com Toledo","article_publisher":"https:\/\/web.facebook.com\/viajandocomtoledo","article_modified_time":"2026-01-08T15:07:25+00:00","og_image":[{"width":1080,"height":1080,"url":"https:\/\/viajandocomtoledo.com.br\/loja\/wp-content\/uploads\/2022\/11\/2-2.png","type":"image\/png"}],"twitter_card":"summary_large_image","twitter_misc":{"Est. tempo de leitura":"1 minuto"},"schema":{"@context":"https:\/\/schema.org","@graph":[{"@type":"WebPage","@id":"https:\/\/viajandocomtoledo.com.br\/loja\/produto\/doce-de-leite-com-cafe-viajando-com-toledo-700g\/","url":"https:\/\/viajandocomtoledo.com.br\/loja\/produto\/doce-de-leite-com-cafe-viajando-com-toledo-700g\/","name":"Doce de leite com Caf\u00e9 Viajando com Toledo 700g - Loja Viajando com Toledo","isPartOf":{"@id":"https:\/\/viajandocomtoledo.com.br\/loja\/#website"},"primaryImageOfPage":{"@id":"https:\/\/viajandocomtoledo.com.br\/loja\/produto\/doce-de-leite-com-cafe-viajando-com-toledo-700g\/#primaryimage"},"image":{"@id":"https:\/\/viajandocomtoledo.com.br\/loja\/produto\/doce-de-leite-com-cafe-viajando-com-toledo-700g\/#primaryimage"},"thumbnailUrl":"https:\/\/viajandocomtoledo.com.br\/loja\/wp-content\/uploads\/2022\/11\/2-2.png","datePublished":"2022-11-27T19:25:19+00:00","dateModified":"2026-01-08T15:07:25+00:00","description":"Doce de Leite Tradicional - Exclusivo em nossa Loja - Envio imediato - Parcele em at\u00e9 3x sem juros","breadcrumb":{"@id":"https:\/\/viajandocomtoledo.com.br\/loja\/produto\/doce-de-leite-com-cafe-viajando-com-toledo-700g\/#breadcrumb"},"inLanguage":"pt-BR","potentialAction":[{"@type":"ReadAction","target":["https:\/\/viajandocomtoledo.com.br\/loja\/produto\/doce-de-leite-com-cafe-viajando-com-toledo-700g\/"]}]},{"@type":"ImageObject","inLanguage":"pt-BR","@id":"https:\/\/viajandocomtoledo.com.br\/loja\/produto\/doce-de-leite-com-cafe-viajando-com-toledo-700g\/#primaryimage","url":"https:\/\/viajandocomtoledo.com.br\/loja\/wp-content\/uploads\/2022\/11\/2-2.png","contentUrl":"https:\/\/viajandocomtoledo.com.br\/loja\/wp-content\/uploads\/2022\/11\/2-2.png","width":1080,"height":1080},{"@type":"BreadcrumbList","@id":"https:\/\/viajandocomtoledo.com.br\/loja\/produto\/doce-de-leite-com-cafe-viajando-com-toledo-700g\/#breadcrumb","itemListElement":[{"@type":"ListItem","position":1,"name":"In\u00edcio","item":"https:\/\/viajandocomtoledo.com.br\/loja\/"},{"@type":"ListItem","position":2,"name":"Produtos","item":"https:\/\/viajandocomtoledo.com.br\/loja\/"},{"@type":"ListItem","position":3,"name":"Doce de leite com Caf\u00e9 Viajando com Toledo 700g"}]},{"@type":"WebSite","@id":"https:\/\/viajandocomtoledo.com.br\/loja\/#website","url":"https:\/\/viajandocomtoledo.com.br\/loja\/","name":"Loja Viajando com Toledo","description":"Loja do site - Viajando com Toledo","publisher":{"@id":"https:\/\/viajandocomtoledo.com.br\/loja\/#organization"},"potentialAction":[{"@type":"SearchAction","target":{"@type":"EntryPoint","urlTemplate":"https:\/\/viajandocomtoledo.com.br\/loja\/?s={search_term_string}"},"query-input":{"@type":"PropertyValueSpecification","valueRequired":true,"valueName":"search_term_string"}}],"inLanguage":"pt-BR"},{"@type":"Organization","@id":"https:\/\/viajandocomtoledo.com.br\/loja\/#organization","name":"Loja Viajando com Toledo","url":"https:\/\/viajandocomtoledo.com.br\/loja\/","logo":{"@type":"ImageObject","inLanguage":"pt-BR","@id":"https:\/\/viajandocomtoledo.com.br\/loja\/#\/schema\/logo\/image\/","url":"https:\/\/viajandocomtoledo.com.br\/loja\/wp-content\/uploads\/2021\/07\/LOGO-VCT-e1626871875731.png","contentUrl":"https:\/\/viajandocomtoledo.com.br\/loja\/wp-content\/uploads\/2021\/07\/LOGO-VCT-e1626871875731.png","width":100,"height":46,"caption":"Loja Viajando com Toledo"},"image":{"@id":"https:\/\/viajandocomtoledo.com.br\/loja\/#\/schema\/logo\/image\/"},"sameAs":["https:\/\/web.facebook.com\/viajandocomtoledo","https:\/\/www.instagram.com\/viajandocomtoledo\/"]}]}},"_links":{"self":[{"href":"https:\/\/viajandocomtoledo.com.br\/loja\/wp-json\/wp\/v2\/product\/3689","targetHints":{"allow":["GET"]}}],"collection":[{"href":"https:\/\/viajandocomtoledo.com.br\/loja\/wp-json\/wp\/v2\/product"}],"about":[{"href":"https:\/\/viajandocomtoledo.com.br\/loja\/wp-json\/wp\/v2\/types\/product"}],"replies":[{"embeddable":true,"href":"https:\/\/viajandocomtoledo.com.br\/loja\/wp-json\/wp\/v2\/comments?post=3689"}],"wp:featuredmedia":[{"embeddable":true,"href":"https:\/\/viajandocomtoledo.com.br\/loja\/wp-json\/wp\/v2\/media\/3739"}],"wp:attachment":[{"href":"https:\/\/viajandocomtoledo.com.br\/loja\/wp-json\/wp\/v2\/media?parent=3689"}],"wp:term":[{"taxonomy":"product_cat","embeddable":true,"href":"https:\/\/viajandocomtoledo.com.br\/loja\/wp-json\/wp\/v2\/product_cat?post=3689"},{"taxonomy":"product_tag","embeddable":true,"href":"https:\/\/viajandocomtoledo.com.br\/loja\/wp-json\/wp\/v2\/product_tag?post=3689"}],"curies":[{"name":"wp","href":"https:\/\/api.w.org\/{rel}","templated":true}]}}