{"id":3646,"date":"2024-01-16T15:33:27","date_gmt":"2024-01-16T18:33:27","guid":{"rendered":"https:\/\/viajandocomtoledo.com.br\/loja\/?post_type=product&#038;p=3646"},"modified":"2025-09-11T16:58:17","modified_gmt":"2025-09-11T19:58:17","slug":"cachaca-germana-brasil-700-ml","status":"publish","type":"product","link":"https:\/\/viajandocomtoledo.com.br\/loja\/produto\/cachaca-germana-brasil-700-ml\/","title":{"rendered":"Cacha\u00e7a Germana Brasil 700 mL"},"content":{"rendered":"<p style=\"text-align: center;\" data-start=\"70\" data-end=\"373\">Cacha\u00e7a envelhecida por 5 anos em barris de carvalho, com 40% de gradua\u00e7\u00e3o alco\u00f3lica. De cor \u00e2mbar intensa, revela um aroma delicadamente frutado e um sabor marcante, onde notas amadeiradas se harmonizam com sutis toques adocicados. Uma experi\u00eancia refinada e \u00fanica para os verdadeiros apreciadores.<\/p>\n<h2 style=\"text-align: center;\">Caracter\u00edsticas<\/h2>\n<ul>\n<li><strong><em>Regi\u00e3o:<\/em><\/strong><em> Nova Uni\u00e3o \/ Minas Gerais.<\/em><\/li>\n<li><strong><em>Aroma:<\/em><\/strong><em> Levemente frutado.<\/em><\/li>\n<li><strong><em>Sabor:<\/em><\/strong><em> Amadeirado marcante e adocicado.<\/em><\/li>\n<li><strong><em>Barril:<\/em><\/strong><em>\u00a0Carvalho Americano<\/em><\/li>\n<li><strong><em>Gradua\u00e7\u00e3o alc\u00f3olica:<\/em><\/strong><em>\u00a0ABV: 40%.<\/em><\/li>\n<li><strong><em>Volume:<\/em><\/strong><em> 700mL.<\/em><\/li>\n<li style=\"list-style-type: none;\"><\/li>\n<\/ul>\n<p>Aprecie com modera\u00e7\u00e3o! N\u00e3o compartilhe com menores de 18 anos.<\/p>\n<h2 style=\"text-align: center;\"><strong>SUGEST\u00c3O DE CONSUMO<\/strong><\/h2>\n<p style=\"text-align: center;\">\u00a0Leve \u00e0 geladeira antes de degustar, ela n\u00e3o congela e fica deliciosamente refrescante ou se preferir consuma em temperatura ambiente. Tudo\u00a0conforme sua prefer\u00eancia.<\/p>\n<h2 style=\"text-align: center;\"><strong>HIST\u00d3RIA<\/strong><\/h2>\n<p style=\"text-align: center;\">A Cacha\u00e7a Germana nasceu h\u00e1 mais de 100 anos no cora\u00e7\u00e3o de Minas Gerais, criada por S\u00e9rgio Caetano com respeito \u00e0s tradi\u00e7\u00f5es e \u00e0 cultura local. Produzida artesanalmente em alambiques de cobre com fogo direto e envelhecida em barris selecionados, mant\u00e9m at\u00e9 hoje a autenticidade e a qualidade que a tornaram refer\u00eancia no Brasil e no mundo. S\u00edmbolo de heran\u00e7a e excel\u00eancia, a Germana segue transmitindo de gera\u00e7\u00e3o em gera\u00e7\u00e3o o verdadeiro esp\u00edrito da cacha\u00e7a mineira.<\/p>\n","protected":false},"excerpt":{"rendered":"<p style=\"text-align: center;\" data-start=\"70\" data-end=\"373\">Cacha\u00e7a envelhecida por 5 anos em barris de carvalho, com 40% de gradua\u00e7\u00e3o alco\u00f3lica. De cor \u00e2mbar intensa, revela um aroma delicadamente frutado e um sabor marcante, onde notas amadeiradas se harmonizam com sutis toques adocicados. Uma experi\u00eancia refinada e \u00fanica para os verdadeiros apreciadores.<\/p>\n<h2 style=\"text-align: center;\">Caracter\u00edsticas<\/h2>\n<ul>\n<li><strong><em>Regi\u00e3o:<\/em><\/strong><em> Nova Uni\u00e3o \/ Minas Gerais.<\/em><\/li>\n<li><strong><em>Aroma:<\/em><\/strong><em> Levemente frutado.<\/em><\/li>\n<li><strong><em>Sabor:<\/em><\/strong><em> Amadeirado marcante e adocicado.<\/em><\/li>\n<li><strong><em>Barril:<\/em><\/strong><em>\u00a0Carvalho Americano<\/em><\/li>\n<li><strong><em>Gradua\u00e7\u00e3o alc\u00f3olica:<\/em><\/strong><em>\u00a0ABV: 40%.<\/em><\/li>\n<li><strong><em>Volume:<\/em><\/strong><em> 700mL.<\/em><\/li>\n<li style=\"list-style-type: none;\"><\/li>\n<\/ul>\n<p>Aprecie com modera\u00e7\u00e3o! N\u00e3o compartilhe com menores de 18 anos.<\/p>\n<h2 style=\"text-align: center;\"><strong>SUGEST\u00c3O DE CONSUMO<\/strong><\/h2>\n<p style=\"text-align: center;\">\u00a0Leve \u00e0 geladeira antes de degustar, ela n\u00e3o congela e fica deliciosamente refrescante ou se preferir consuma em temperatura ambiente. Tudo\u00a0conforme sua prefer\u00eancia.<\/p>\n<h2 style=\"text-align: center;\"><strong>HIST\u00d3RIA<\/strong><\/h2>\n<p style=\"text-align: center;\">A Cacha\u00e7a Germana nasceu h\u00e1 mais de 100 anos no cora\u00e7\u00e3o de Minas Gerais, criada por S\u00e9rgio Caetano com respeito \u00e0s tradi\u00e7\u00f5es e \u00e0 cultura local. Produzida artesanalmente em alambiques de cobre com fogo direto e envelhecida em barris selecionados, mant\u00e9m at\u00e9 hoje a autenticidade e a qualidade que a tornaram refer\u00eancia no Brasil e no mundo. S\u00edmbolo de heran\u00e7a e excel\u00eancia, a Germana segue transmitindo de gera\u00e7\u00e3o em gera\u00e7\u00e3o o verdadeiro esp\u00edrito da cacha\u00e7a mineira.<\/p>\n","protected":false},"featured_media":3647,"comment_status":"closed","ping_status":"closed","template":"","meta":{"_acf_changed":false,"_monsterinsights_skip_tracking":false,"_monsterinsights_sitenote_active":false,"_monsterinsights_sitenote_note":"","_monsterinsights_sitenote_category":0},"product_cat":[56,63],"product_tag":[],"class_list":{"0":"post-3646","1":"product","2":"type-product","3":"status-publish","4":"has-post-thumbnail","6":"product_cat-cachacas","7":"product_cat-central","8":"product_shipping_class-produtos-diversos","10":"first","11":"instock","12":"taxable","13":"shipping-taxable","14":"purchasable","15":"product-type-simple"},"acf":[],"aioseo_notices":[],"yoast_head":"<!-- This site is optimized with the Yoast SEO plugin v25.8 - https:\/\/yoast.com\/wordpress\/plugins\/seo\/ -->\n<title>Cacha\u00e7a Germana Brasil 700 mL - Loja Viajando com Toledo<\/title>\n<meta name=\"description\" content=\"Loja Viajando com Toledo Cacha\u00e7a Germana Brasil 700 mL\" \/>\n<meta name=\"robots\" content=\"index, follow, max-snippet:-1, max-image-preview:large, max-video-preview:-1\" \/>\n<link rel=\"canonical\" href=\"https:\/\/viajandocomtoledo.com.br\/loja\/produto\/cachaca-germana-brasil-700-ml\/\" \/>\n<meta property=\"og:locale\" content=\"pt_BR\" \/>\n<meta property=\"og:type\" content=\"article\" \/>\n<meta property=\"og:title\" content=\"Cacha\u00e7a Germana Brasil 700 mL - Loja Viajando com Toledo\" \/>\n<meta property=\"og:description\" content=\"Loja Viajando com Toledo Cacha\u00e7a Germana Brasil 700 mL\" \/>\n<meta property=\"og:url\" content=\"https:\/\/viajandocomtoledo.com.br\/loja\/produto\/cachaca-germana-brasil-700-ml\/\" \/>\n<meta property=\"og:site_name\" content=\"Loja Viajando com Toledo\" \/>\n<meta property=\"article:publisher\" content=\"https:\/\/web.facebook.com\/viajandocomtoledo\" \/>\n<meta property=\"article:modified_time\" content=\"2025-09-11T19:58:17+00:00\" \/>\n<meta property=\"og:image\" content=\"https:\/\/viajandocomtoledo.com.br\/loja\/wp-content\/uploads\/2025\/09\/3.png\" \/>\n\t<meta property=\"og:image:width\" content=\"1080\" \/>\n\t<meta property=\"og:image:height\" content=\"1080\" \/>\n\t<meta property=\"og:image:type\" content=\"image\/png\" \/>\n<meta name=\"twitter:card\" content=\"summary_large_image\" \/>\n<meta name=\"twitter:label1\" content=\"Est. tempo de leitura\" \/>\n\t<meta name=\"twitter:data1\" content=\"2 minutos\" \/>\n<script type=\"application\/ld+json\" class=\"yoast-schema-graph\">{\"@context\":\"https:\/\/schema.org\",\"@graph\":[{\"@type\":\"WebPage\",\"@id\":\"https:\/\/viajandocomtoledo.com.br\/loja\/produto\/cachaca-germana-brasil-700-ml\/\",\"url\":\"https:\/\/viajandocomtoledo.com.br\/loja\/produto\/cachaca-germana-brasil-700-ml\/\",\"name\":\"Cacha\u00e7a Germana Brasil 700 mL - Loja Viajando com Toledo\",\"isPartOf\":{\"@id\":\"https:\/\/viajandocomtoledo.com.br\/loja\/#website\"},\"primaryImageOfPage\":{\"@id\":\"https:\/\/viajandocomtoledo.com.br\/loja\/produto\/cachaca-germana-brasil-700-ml\/#primaryimage\"},\"image\":{\"@id\":\"https:\/\/viajandocomtoledo.com.br\/loja\/produto\/cachaca-germana-brasil-700-ml\/#primaryimage\"},\"thumbnailUrl\":\"https:\/\/viajandocomtoledo.com.br\/loja\/wp-content\/uploads\/2025\/09\/3.png\",\"datePublished\":\"2024-01-16T18:33:27+00:00\",\"dateModified\":\"2025-09-11T19:58:17+00:00\",\"description\":\"Loja Viajando com Toledo Cacha\u00e7a Germana Brasil 700 mL\",\"breadcrumb\":{\"@id\":\"https:\/\/viajandocomtoledo.com.br\/loja\/produto\/cachaca-germana-brasil-700-ml\/#breadcrumb\"},\"inLanguage\":\"pt-BR\",\"potentialAction\":[{\"@type\":\"ReadAction\",\"target\":[\"https:\/\/viajandocomtoledo.com.br\/loja\/produto\/cachaca-germana-brasil-700-ml\/\"]}]},{\"@type\":\"ImageObject\",\"inLanguage\":\"pt-BR\",\"@id\":\"https:\/\/viajandocomtoledo.com.br\/loja\/produto\/cachaca-germana-brasil-700-ml\/#primaryimage\",\"url\":\"https:\/\/viajandocomtoledo.com.br\/loja\/wp-content\/uploads\/2025\/09\/3.png\",\"contentUrl\":\"https:\/\/viajandocomtoledo.com.br\/loja\/wp-content\/uploads\/2025\/09\/3.png\",\"width\":1080,\"height\":1080},{\"@type\":\"BreadcrumbList\",\"@id\":\"https:\/\/viajandocomtoledo.com.br\/loja\/produto\/cachaca-germana-brasil-700-ml\/#breadcrumb\",\"itemListElement\":[{\"@type\":\"ListItem\",\"position\":1,\"name\":\"In\u00edcio\",\"item\":\"https:\/\/viajandocomtoledo.com.br\/loja\/\"},{\"@type\":\"ListItem\",\"position\":2,\"name\":\"Produtos\",\"item\":\"https:\/\/viajandocomtoledo.com.br\/loja\/\"},{\"@type\":\"ListItem\",\"position\":3,\"name\":\"Cacha\u00e7a Germana Brasil 700 mL\"}]},{\"@type\":\"WebSite\",\"@id\":\"https:\/\/viajandocomtoledo.com.br\/loja\/#website\",\"url\":\"https:\/\/viajandocomtoledo.com.br\/loja\/\",\"name\":\"Loja Viajando com Toledo\",\"description\":\"Loja do site - Viajando com Toledo\",\"publisher\":{\"@id\":\"https:\/\/viajandocomtoledo.com.br\/loja\/#organization\"},\"potentialAction\":[{\"@type\":\"SearchAction\",\"target\":{\"@type\":\"EntryPoint\",\"urlTemplate\":\"https:\/\/viajandocomtoledo.com.br\/loja\/?s={search_term_string}\"},\"query-input\":{\"@type\":\"PropertyValueSpecification\",\"valueRequired\":true,\"valueName\":\"search_term_string\"}}],\"inLanguage\":\"pt-BR\"},{\"@type\":\"Organization\",\"@id\":\"https:\/\/viajandocomtoledo.com.br\/loja\/#organization\",\"name\":\"Loja Viajando com Toledo\",\"url\":\"https:\/\/viajandocomtoledo.com.br\/loja\/\",\"logo\":{\"@type\":\"ImageObject\",\"inLanguage\":\"pt-BR\",\"@id\":\"https:\/\/viajandocomtoledo.com.br\/loja\/#\/schema\/logo\/image\/\",\"url\":\"https:\/\/viajandocomtoledo.com.br\/loja\/wp-content\/uploads\/2021\/07\/LOGO-VCT-e1626871875731.png\",\"contentUrl\":\"https:\/\/viajandocomtoledo.com.br\/loja\/wp-content\/uploads\/2021\/07\/LOGO-VCT-e1626871875731.png\",\"width\":100,\"height\":46,\"caption\":\"Loja Viajando com Toledo\"},\"image\":{\"@id\":\"https:\/\/viajandocomtoledo.com.br\/loja\/#\/schema\/logo\/image\/\"},\"sameAs\":[\"https:\/\/web.facebook.com\/viajandocomtoledo\",\"https:\/\/www.instagram.com\/viajandocomtoledo\/\"]}]}<\/script>\n<!-- \/ Yoast SEO plugin. -->","yoast_head_json":{"title":"Cacha\u00e7a Germana Brasil 700 mL - Loja Viajando com Toledo","description":"Loja Viajando com Toledo Cacha\u00e7a Germana Brasil 700 mL","robots":{"index":"index","follow":"follow","max-snippet":"max-snippet:-1","max-image-preview":"max-image-preview:large","max-video-preview":"max-video-preview:-1"},"canonical":"https:\/\/viajandocomtoledo.com.br\/loja\/produto\/cachaca-germana-brasil-700-ml\/","og_locale":"pt_BR","og_type":"article","og_title":"Cacha\u00e7a Germana Brasil 700 mL - Loja Viajando com Toledo","og_description":"Loja Viajando com Toledo Cacha\u00e7a Germana Brasil 700 mL","og_url":"https:\/\/viajandocomtoledo.com.br\/loja\/produto\/cachaca-germana-brasil-700-ml\/","og_site_name":"Loja Viajando com Toledo","article_publisher":"https:\/\/web.facebook.com\/viajandocomtoledo","article_modified_time":"2025-09-11T19:58:17+00:00","og_image":[{"width":1080,"height":1080,"url":"https:\/\/viajandocomtoledo.com.br\/loja\/wp-content\/uploads\/2025\/09\/3.png","type":"image\/png"}],"twitter_card":"summary_large_image","twitter_misc":{"Est. tempo de leitura":"2 minutos"},"schema":{"@context":"https:\/\/schema.org","@graph":[{"@type":"WebPage","@id":"https:\/\/viajandocomtoledo.com.br\/loja\/produto\/cachaca-germana-brasil-700-ml\/","url":"https:\/\/viajandocomtoledo.com.br\/loja\/produto\/cachaca-germana-brasil-700-ml\/","name":"Cacha\u00e7a Germana Brasil 700 mL - Loja Viajando com Toledo","isPartOf":{"@id":"https:\/\/viajandocomtoledo.com.br\/loja\/#website"},"primaryImageOfPage":{"@id":"https:\/\/viajandocomtoledo.com.br\/loja\/produto\/cachaca-germana-brasil-700-ml\/#primaryimage"},"image":{"@id":"https:\/\/viajandocomtoledo.com.br\/loja\/produto\/cachaca-germana-brasil-700-ml\/#primaryimage"},"thumbnailUrl":"https:\/\/viajandocomtoledo.com.br\/loja\/wp-content\/uploads\/2025\/09\/3.png","datePublished":"2024-01-16T18:33:27+00:00","dateModified":"2025-09-11T19:58:17+00:00","description":"Loja Viajando com Toledo Cacha\u00e7a Germana Brasil 700 mL","breadcrumb":{"@id":"https:\/\/viajandocomtoledo.com.br\/loja\/produto\/cachaca-germana-brasil-700-ml\/#breadcrumb"},"inLanguage":"pt-BR","potentialAction":[{"@type":"ReadAction","target":["https:\/\/viajandocomtoledo.com.br\/loja\/produto\/cachaca-germana-brasil-700-ml\/"]}]},{"@type":"ImageObject","inLanguage":"pt-BR","@id":"https:\/\/viajandocomtoledo.com.br\/loja\/produto\/cachaca-germana-brasil-700-ml\/#primaryimage","url":"https:\/\/viajandocomtoledo.com.br\/loja\/wp-content\/uploads\/2025\/09\/3.png","contentUrl":"https:\/\/viajandocomtoledo.com.br\/loja\/wp-content\/uploads\/2025\/09\/3.png","width":1080,"height":1080},{"@type":"BreadcrumbList","@id":"https:\/\/viajandocomtoledo.com.br\/loja\/produto\/cachaca-germana-brasil-700-ml\/#breadcrumb","itemListElement":[{"@type":"ListItem","position":1,"name":"In\u00edcio","item":"https:\/\/viajandocomtoledo.com.br\/loja\/"},{"@type":"ListItem","position":2,"name":"Produtos","item":"https:\/\/viajandocomtoledo.com.br\/loja\/"},{"@type":"ListItem","position":3,"name":"Cacha\u00e7a Germana Brasil 700 mL"}]},{"@type":"WebSite","@id":"https:\/\/viajandocomtoledo.com.br\/loja\/#website","url":"https:\/\/viajandocomtoledo.com.br\/loja\/","name":"Loja Viajando com Toledo","description":"Loja do site - Viajando com Toledo","publisher":{"@id":"https:\/\/viajandocomtoledo.com.br\/loja\/#organization"},"potentialAction":[{"@type":"SearchAction","target":{"@type":"EntryPoint","urlTemplate":"https:\/\/viajandocomtoledo.com.br\/loja\/?s={search_term_string}"},"query-input":{"@type":"PropertyValueSpecification","valueRequired":true,"valueName":"search_term_string"}}],"inLanguage":"pt-BR"},{"@type":"Organization","@id":"https:\/\/viajandocomtoledo.com.br\/loja\/#organization","name":"Loja Viajando com Toledo","url":"https:\/\/viajandocomtoledo.com.br\/loja\/","logo":{"@type":"ImageObject","inLanguage":"pt-BR","@id":"https:\/\/viajandocomtoledo.com.br\/loja\/#\/schema\/logo\/image\/","url":"https:\/\/viajandocomtoledo.com.br\/loja\/wp-content\/uploads\/2021\/07\/LOGO-VCT-e1626871875731.png","contentUrl":"https:\/\/viajandocomtoledo.com.br\/loja\/wp-content\/uploads\/2021\/07\/LOGO-VCT-e1626871875731.png","width":100,"height":46,"caption":"Loja Viajando com Toledo"},"image":{"@id":"https:\/\/viajandocomtoledo.com.br\/loja\/#\/schema\/logo\/image\/"},"sameAs":["https:\/\/web.facebook.com\/viajandocomtoledo","https:\/\/www.instagram.com\/viajandocomtoledo\/"]}]}},"_links":{"self":[{"href":"https:\/\/viajandocomtoledo.com.br\/loja\/wp-json\/wp\/v2\/product\/3646","targetHints":{"allow":["GET"]}}],"collection":[{"href":"https:\/\/viajandocomtoledo.com.br\/loja\/wp-json\/wp\/v2\/product"}],"about":[{"href":"https:\/\/viajandocomtoledo.com.br\/loja\/wp-json\/wp\/v2\/types\/product"}],"replies":[{"embeddable":true,"href":"https:\/\/viajandocomtoledo.com.br\/loja\/wp-json\/wp\/v2\/comments?post=3646"}],"wp:featuredmedia":[{"embeddable":true,"href":"https:\/\/viajandocomtoledo.com.br\/loja\/wp-json\/wp\/v2\/media\/3647"}],"wp:attachment":[{"href":"https:\/\/viajandocomtoledo.com.br\/loja\/wp-json\/wp\/v2\/media?parent=3646"}],"wp:term":[{"taxonomy":"product_cat","embeddable":true,"href":"https:\/\/viajandocomtoledo.com.br\/loja\/wp-json\/wp\/v2\/product_cat?post=3646"},{"taxonomy":"product_tag","embeddable":true,"href":"https:\/\/viajandocomtoledo.com.br\/loja\/wp-json\/wp\/v2\/product_tag?post=3646"}],"curies":[{"name":"wp","href":"https:\/\/api.w.org\/{rel}","templated":true}]}}