{"id":3596,"date":"2022-11-22T10:41:10","date_gmt":"2022-11-22T13:41:10","guid":{"rendered":"https:\/\/viajandocomtoledo.com.br\/loja\/?post_type=product&#038;p=3596"},"modified":"2025-08-28T10:47:41","modified_gmt":"2025-08-28T13:47:41","slug":"whisky-red-cave-lapa-vermelha-edition-720ml","status":"publish","type":"product","link":"https:\/\/viajandocomtoledo.com.br\/loja\/produto\/whisky-red-cave-lapa-vermelha-edition-720ml\/","title":{"rendered":"Whisky Red Cave (Lapa Vermelha Edition) 720ml"},"content":{"rendered":"<p style=\"text-align: center;\">A uni\u00e3o de dois mundos em cada gole. O single malt brasileiro que homenageia a conex\u00e3o geol\u00f3gica entre Minas Gerais e a antiga Caledonia. Embarque em uma jornada sensorial \u00fanica com\u00a0<strong>Brasilides Peat Signature<\/strong>, um single malt whisky genuinamente brasileiro que celebra a ess\u00eancia da hist\u00f3ria geol\u00f3gica compartilhada entre as distantes terras de Matozinhos\/Pedro Leopoldo e a antiga regi\u00e3o da Caled\u00f4nia. Inspirado na forma\u00e7\u00e3o geol\u00f3gica\u00a0<strong>Brasilides<\/strong>, essa preciosidade destilada captura a alma da turfa que une dois continentes.<\/p>\n<h2 style=\"text-align: center;\">Caracter\u00edsticas<\/h2>\n<ul>\n<li><em><strong>Regi\u00e3o:<\/strong> Matozinhos \/ Minas Gerais.<\/em><\/li>\n<li><em><strong>Aroma:<\/strong> defumado, turfa, madeira molhada, levemente adocicado.<\/em><\/li>\n<li><em><strong>Sabor:<\/strong> defumado presente, notas de turfa com um leve toque adocicado e picante.<\/em><\/li>\n<li><em><strong>Sem corante e sem filtragem \u00e0 frio.<\/strong><\/em><\/li>\n<li><em><strong>Amadurecimento: <\/strong>Single Barrel &#8211; Carvalho Americano.<\/em><\/li>\n<li><em><strong>Gradua\u00e7\u00e3o alc\u00f3olica:<\/strong> ABV: 54%.<\/em><\/li>\n<li><em><strong>Volume:<\/strong> 720ml.<\/em><\/li>\n<\/ul>\n<h2 style=\"text-align: center;\">Pr\u00eamios<\/h2>\n<p style=\"text-align: center;\">\u00a0 <img loading=\"lazy\" decoding=\"async\" class=\"alignnone wp-image-3108 \" src=\"https:\/\/viajandocomtoledo.com.br\/loja\/wp-content\/uploads\/2024\/08\/ISC_Medal_2024_BRONZE-456x456.webp\" alt=\"\" width=\"143\" height=\"143\" srcset=\"https:\/\/viajandocomtoledo.com.br\/loja\/wp-content\/uploads\/2024\/08\/ISC_Medal_2024_BRONZE-456x456.webp 456w, https:\/\/viajandocomtoledo.com.br\/loja\/wp-content\/uploads\/2024\/08\/ISC_Medal_2024_BRONZE-150x150.webp 150w, https:\/\/viajandocomtoledo.com.br\/loja\/wp-content\/uploads\/2024\/08\/ISC_Medal_2024_BRONZE-120x120.webp 120w, https:\/\/viajandocomtoledo.com.br\/loja\/wp-content\/uploads\/2024\/08\/ISC_Medal_2024_BRONZE.webp 500w\" sizes=\"auto, (max-width: 143px) 100vw, 143px\" \/><\/p>\n<h2 style=\"text-align: center;\">Sugest\u00e3o de consumo<\/h2>\n<p style=\"text-align: center;\">Pode ser apreciado puro, com gelo ou conforme sua prefer\u00eancia.<\/p>\n<h2 style=\"text-align: center;\">Sua hist\u00f3ria<\/h2>\n<p style=\"text-align: center;\">Toda boa rela\u00e7\u00e3o precisa de tempo para ser constru\u00edda. E foi para ter mais tempo juntos que os irm\u00e3os Lamas levaram ao extremo a paix\u00e3o por um destilado: o whisky. Estes encontros, verdadeiras sess\u00f5es de estudo em busca de sabores \u00fanicos, t\u00e9cnicas mais aprimoradas e novas receitas, unem a tradi\u00e7\u00e3o aos sabores que criaram em fam\u00edlia.\u00a0A Lamas \u00e9 uma destilaria mineira que se destaca no mercado internacional com notas \u00fanicas e profundas.\u00a0Nutrindo uma paix\u00e3o pelo processo, pela fazedura, pela elabora\u00e7\u00e3o de um sabor capaz de proporcionar experi\u00eancias singulares de prazer e qualidade.<\/p>\n","protected":false},"excerpt":{"rendered":"<p style=\"text-align: center;\">Explore a rica tradi\u00e7\u00e3o da destila\u00e7\u00e3o de excel\u00eancia no cora\u00e7\u00e3o do Brasil. Ao abrir uma garrafa de Red Cave, o aroma intenso de baunilha e caramelo acolhe seus sentidos. O carvalho tostado deixa uma impress\u00e3o duradoura, enquanto uma pitada de noz-moscada acrescenta uma dimens\u00e3o atraente. Sabores de frutas maduras, como ameixas e cerejas, dan\u00e7am harmoniosamente com um toque de ma\u00e7\u00e3 assada, revelando a complexidade de camadas cuidadosamente desenvolvidas. O final \u00e9 cativante, com um calor suave que perdura e convida \u00e0 contempla\u00e7\u00e3o. O Red Cave Whiskey &#8211; Lapa Vermelha Edition \u00e9 uma homenagem \u00e0 rica tradi\u00e7\u00e3o do Bourbon americano, elevada pelo toque inovador da regi\u00e3o de Lapa Vermelha (em Pedro Leopoldo MG), resultando em uma experi\u00eancia sensorial incompar\u00e1vel.<\/p>\n<h2 style=\"text-align: center;\">Caracter\u00edsticas<\/h2>\n<ul>\n<li><em><strong>Regi\u00e3o:<\/strong> Matozinhos \/ Minas Gerais.<\/em><\/li>\n<li><em><strong>Aroma:<\/strong> Baunilha, caramelo, madeira tostada e noz-moscada<\/em><\/li>\n<li><em><strong>Sabor:<\/strong> Suave, com notas de baunilha, caramelo, torta de ma\u00e7\u00e3, amadeirado e frutas maduras<\/em><\/li>\n<li><em><strong>Barril: Carvalho americano virgem<\/strong><\/em><\/li>\n<li><em><strong>Gradua\u00e7\u00e3o alc\u00f3olica:<\/strong> ABV: 43%.<\/em><\/li>\n<li><em><strong>Volume:<\/strong> 720ml.<\/em><\/li>\n<\/ul>\n<h2 style=\"text-align: center;\">Pr\u00eamios<\/h2>\n<p style=\"text-align: center;\"><img loading=\"lazy\" decoding=\"async\" class=\"alignnone  wp-image-3597\" src=\"https:\/\/viajandocomtoledo.com.br\/loja\/wp-content\/uploads\/2025\/08\/redcaveselo2.webp\" alt=\"\" width=\"88\" height=\"89\" srcset=\"https:\/\/viajandocomtoledo.com.br\/loja\/wp-content\/uploads\/2025\/08\/redcaveselo2.webp 190w, https:\/\/viajandocomtoledo.com.br\/loja\/wp-content\/uploads\/2025\/08\/redcaveselo2-150x150.webp 150w, https:\/\/viajandocomtoledo.com.br\/loja\/wp-content\/uploads\/2025\/08\/redcaveselo2-120x120.webp 120w\" sizes=\"auto, (max-width: 88px) 100vw, 88px\" \/>\u00a0 \u00a0 <img loading=\"lazy\" decoding=\"async\" class=\"alignnone  wp-image-3598\" src=\"https:\/\/viajandocomtoledo.com.br\/loja\/wp-content\/uploads\/2025\/08\/redcaveselo1.webp\" alt=\"\" width=\"84\" height=\"111\" \/><\/p>\n<h2 style=\"text-align: center;\">Sugest\u00e3o de consumo<\/h2>\n<p style=\"text-align: center;\">Pode ser apreciado puro, com gelo ou conforme sua prefer\u00eancia.<\/p>\n<h2 style=\"text-align: center;\">Sua hist\u00f3ria<\/h2>\n<p style=\"text-align: center;\">Toda boa rela\u00e7\u00e3o precisa de tempo para ser constru\u00edda. E foi para ter mais tempo juntos que os irm\u00e3os Lamas levaram ao extremo a paix\u00e3o por um destilado: o whisky. Estes encontros, verdadeiras sess\u00f5es de estudo em busca de sabores \u00fanicos, t\u00e9cnicas mais aprimoradas e novas receitas, unem a tradi\u00e7\u00e3o aos sabores que criaram em fam\u00edlia.\u00a0A Lamas \u00e9 uma destilaria mineira que se destaca no mercado internacional com notas \u00fanicas e profundas.\u00a0Nutrindo uma paix\u00e3o pelo processo, pela fazedura, pela elabora\u00e7\u00e3o de um sabor capaz de proporcionar experi\u00eancias singulares de prazer e qualidade.<\/p>\n","protected":false},"featured_media":3599,"comment_status":"closed","ping_status":"closed","template":"","meta":{"_acf_changed":false,"_monsterinsights_skip_tracking":false,"_monsterinsights_sitenote_active":false,"_monsterinsights_sitenote_note":"","_monsterinsights_sitenote_category":0},"product_cat":[63,55],"product_tag":[],"class_list":{"0":"post-3596","1":"product","2":"type-product","3":"status-publish","4":"has-post-thumbnail","6":"product_cat-central","7":"product_cat-whiskies","8":"product_shipping_class-produtos-diversos","10":"first","11":"instock","12":"taxable","13":"shipping-taxable","14":"purchasable","15":"product-type-simple"},"acf":[],"aioseo_notices":[],"yoast_head":"<!-- This site is optimized with the Yoast SEO plugin v25.8 - https:\/\/yoast.com\/wordpress\/plugins\/seo\/ -->\n<title>Whisky Red Cave (Lapa Vermelha Edition) 720ml - Loja Viajando com Toledo<\/title>\n<meta name=\"robots\" content=\"index, follow, max-snippet:-1, max-image-preview:large, max-video-preview:-1\" \/>\n<link rel=\"canonical\" href=\"https:\/\/viajandocomtoledo.com.br\/loja\/produto\/whisky-red-cave-lapa-vermelha-edition-720ml\/\" \/>\n<meta property=\"og:locale\" content=\"pt_BR\" \/>\n<meta property=\"og:type\" content=\"article\" \/>\n<meta property=\"og:title\" content=\"Whisky Red Cave (Lapa Vermelha Edition) 720ml - Loja Viajando com Toledo\" \/>\n<meta property=\"og:description\" content=\"Explore a rica tradi\u00e7\u00e3o da destila\u00e7\u00e3o de excel\u00eancia no cora\u00e7\u00e3o do Brasil. Ao abrir uma garrafa de Red Cave, o aroma intenso de baunilha e caramelo acolhe seus sentidos. O carvalho tostado deixa uma impress\u00e3o duradoura, enquanto uma pitada de noz-moscada acrescenta uma dimens\u00e3o atraente. Sabores de frutas maduras, como ameixas e cerejas, dan\u00e7am harmoniosamente com um toque de ma\u00e7\u00e3 assada, revelando a complexidade de camadas cuidadosamente desenvolvidas. O final \u00e9 cativante, com um calor suave que perdura e convida \u00e0 contempla\u00e7\u00e3o. O Red Cave Whiskey - Lapa Vermelha Edition \u00e9 uma homenagem \u00e0 rica tradi\u00e7\u00e3o do Bourbon americano, elevada pelo toque inovador da regi\u00e3o de Lapa Vermelha (em Pedro Leopoldo MG), resultando em uma experi\u00eancia sensorial incompar\u00e1vel.  Caracter\u00edsticas   Regi\u00e3o: Matozinhos \/ Minas Gerais.  Aroma: Baunilha, caramelo, madeira tostada e noz-moscada  Sabor: Suave, com notas de baunilha, caramelo, torta de ma\u00e7\u00e3, amadeirado e frutas maduras  Barril: Carvalho americano virgem  Gradua\u00e7\u00e3o alc\u00f3olica: ABV: 43%.  Volume: 720ml.  Pr\u00eamios \u00a0 \u00a0   Sugest\u00e3o de consumo Pode ser apreciado puro, com gelo ou conforme sua prefer\u00eancia.  Sua hist\u00f3ria Toda boa rela\u00e7\u00e3o precisa de tempo para ser constru\u00edda. E foi para ter mais tempo juntos que os irm\u00e3os Lamas levaram ao extremo a paix\u00e3o por um destilado: o whisky. Estes encontros, verdadeiras sess\u00f5es de estudo em busca de sabores \u00fanicos, t\u00e9cnicas mais aprimoradas e novas receitas, unem a tradi\u00e7\u00e3o aos sabores que criaram em fam\u00edlia.\u00a0A Lamas \u00e9 uma destilaria mineira que se destaca no mercado internacional com notas \u00fanicas e profundas.\u00a0Nutrindo uma paix\u00e3o pelo processo, pela fazedura, pela elabora\u00e7\u00e3o de um sabor capaz de proporcionar experi\u00eancias singulares de prazer e qualidade.\" \/>\n<meta property=\"og:url\" content=\"https:\/\/viajandocomtoledo.com.br\/loja\/produto\/whisky-red-cave-lapa-vermelha-edition-720ml\/\" \/>\n<meta property=\"og:site_name\" content=\"Loja Viajando com Toledo\" \/>\n<meta property=\"article:publisher\" content=\"https:\/\/web.facebook.com\/viajandocomtoledo\" \/>\n<meta property=\"article:modified_time\" content=\"2025-08-28T13:47:41+00:00\" \/>\n<meta property=\"og:image\" content=\"https:\/\/viajandocomtoledo.com.br\/loja\/wp-content\/uploads\/2025\/08\/Design-sem-nome-1.png\" \/>\n\t<meta property=\"og:image:width\" content=\"1080\" \/>\n\t<meta property=\"og:image:height\" content=\"1080\" \/>\n\t<meta property=\"og:image:type\" content=\"image\/png\" \/>\n<meta name=\"twitter:card\" content=\"summary_large_image\" \/>\n<meta name=\"twitter:label1\" content=\"Est. tempo de leitura\" \/>\n\t<meta name=\"twitter:data1\" content=\"2 minutos\" \/>\n<script type=\"application\/ld+json\" class=\"yoast-schema-graph\">{\"@context\":\"https:\/\/schema.org\",\"@graph\":[{\"@type\":\"WebPage\",\"@id\":\"https:\/\/viajandocomtoledo.com.br\/loja\/produto\/whisky-red-cave-lapa-vermelha-edition-720ml\/\",\"url\":\"https:\/\/viajandocomtoledo.com.br\/loja\/produto\/whisky-red-cave-lapa-vermelha-edition-720ml\/\",\"name\":\"Whisky Red Cave (Lapa Vermelha Edition) 720ml - Loja Viajando com Toledo\",\"isPartOf\":{\"@id\":\"https:\/\/viajandocomtoledo.com.br\/loja\/#website\"},\"primaryImageOfPage\":{\"@id\":\"https:\/\/viajandocomtoledo.com.br\/loja\/produto\/whisky-red-cave-lapa-vermelha-edition-720ml\/#primaryimage\"},\"image\":{\"@id\":\"https:\/\/viajandocomtoledo.com.br\/loja\/produto\/whisky-red-cave-lapa-vermelha-edition-720ml\/#primaryimage\"},\"thumbnailUrl\":\"https:\/\/viajandocomtoledo.com.br\/loja\/wp-content\/uploads\/2025\/08\/Design-sem-nome-1.png\",\"datePublished\":\"2022-11-22T13:41:10+00:00\",\"dateModified\":\"2025-08-28T13:47:41+00:00\",\"breadcrumb\":{\"@id\":\"https:\/\/viajandocomtoledo.com.br\/loja\/produto\/whisky-red-cave-lapa-vermelha-edition-720ml\/#breadcrumb\"},\"inLanguage\":\"pt-BR\",\"potentialAction\":[{\"@type\":\"ReadAction\",\"target\":[\"https:\/\/viajandocomtoledo.com.br\/loja\/produto\/whisky-red-cave-lapa-vermelha-edition-720ml\/\"]}]},{\"@type\":\"ImageObject\",\"inLanguage\":\"pt-BR\",\"@id\":\"https:\/\/viajandocomtoledo.com.br\/loja\/produto\/whisky-red-cave-lapa-vermelha-edition-720ml\/#primaryimage\",\"url\":\"https:\/\/viajandocomtoledo.com.br\/loja\/wp-content\/uploads\/2025\/08\/Design-sem-nome-1.png\",\"contentUrl\":\"https:\/\/viajandocomtoledo.com.br\/loja\/wp-content\/uploads\/2025\/08\/Design-sem-nome-1.png\",\"width\":1080,\"height\":1080},{\"@type\":\"BreadcrumbList\",\"@id\":\"https:\/\/viajandocomtoledo.com.br\/loja\/produto\/whisky-red-cave-lapa-vermelha-edition-720ml\/#breadcrumb\",\"itemListElement\":[{\"@type\":\"ListItem\",\"position\":1,\"name\":\"In\u00edcio\",\"item\":\"https:\/\/viajandocomtoledo.com.br\/loja\/\"},{\"@type\":\"ListItem\",\"position\":2,\"name\":\"Produtos\",\"item\":\"https:\/\/viajandocomtoledo.com.br\/loja\/\"},{\"@type\":\"ListItem\",\"position\":3,\"name\":\"Whisky Red Cave (Lapa Vermelha Edition) 720ml\"}]},{\"@type\":\"WebSite\",\"@id\":\"https:\/\/viajandocomtoledo.com.br\/loja\/#website\",\"url\":\"https:\/\/viajandocomtoledo.com.br\/loja\/\",\"name\":\"Loja Viajando com Toledo\",\"description\":\"Loja do site - Viajando com Toledo\",\"publisher\":{\"@id\":\"https:\/\/viajandocomtoledo.com.br\/loja\/#organization\"},\"potentialAction\":[{\"@type\":\"SearchAction\",\"target\":{\"@type\":\"EntryPoint\",\"urlTemplate\":\"https:\/\/viajandocomtoledo.com.br\/loja\/?s={search_term_string}\"},\"query-input\":{\"@type\":\"PropertyValueSpecification\",\"valueRequired\":true,\"valueName\":\"search_term_string\"}}],\"inLanguage\":\"pt-BR\"},{\"@type\":\"Organization\",\"@id\":\"https:\/\/viajandocomtoledo.com.br\/loja\/#organization\",\"name\":\"Loja Viajando com Toledo\",\"url\":\"https:\/\/viajandocomtoledo.com.br\/loja\/\",\"logo\":{\"@type\":\"ImageObject\",\"inLanguage\":\"pt-BR\",\"@id\":\"https:\/\/viajandocomtoledo.com.br\/loja\/#\/schema\/logo\/image\/\",\"url\":\"https:\/\/viajandocomtoledo.com.br\/loja\/wp-content\/uploads\/2021\/07\/LOGO-VCT-e1626871875731.png\",\"contentUrl\":\"https:\/\/viajandocomtoledo.com.br\/loja\/wp-content\/uploads\/2021\/07\/LOGO-VCT-e1626871875731.png\",\"width\":100,\"height\":46,\"caption\":\"Loja Viajando com Toledo\"},\"image\":{\"@id\":\"https:\/\/viajandocomtoledo.com.br\/loja\/#\/schema\/logo\/image\/\"},\"sameAs\":[\"https:\/\/web.facebook.com\/viajandocomtoledo\",\"https:\/\/www.instagram.com\/viajandocomtoledo\/\"]}]}<\/script>\n<!-- \/ Yoast SEO plugin. -->","yoast_head_json":{"title":"Whisky Red Cave (Lapa Vermelha Edition) 720ml - Loja Viajando com Toledo","robots":{"index":"index","follow":"follow","max-snippet":"max-snippet:-1","max-image-preview":"max-image-preview:large","max-video-preview":"max-video-preview:-1"},"canonical":"https:\/\/viajandocomtoledo.com.br\/loja\/produto\/whisky-red-cave-lapa-vermelha-edition-720ml\/","og_locale":"pt_BR","og_type":"article","og_title":"Whisky Red Cave (Lapa Vermelha Edition) 720ml - Loja Viajando com Toledo","og_description":"Explore a rica tradi\u00e7\u00e3o da destila\u00e7\u00e3o de excel\u00eancia no cora\u00e7\u00e3o do Brasil. Ao abrir uma garrafa de Red Cave, o aroma intenso de baunilha e caramelo acolhe seus sentidos. O carvalho tostado deixa uma impress\u00e3o duradoura, enquanto uma pitada de noz-moscada acrescenta uma dimens\u00e3o atraente. Sabores de frutas maduras, como ameixas e cerejas, dan\u00e7am harmoniosamente com um toque de ma\u00e7\u00e3 assada, revelando a complexidade de camadas cuidadosamente desenvolvidas. O final \u00e9 cativante, com um calor suave que perdura e convida \u00e0 contempla\u00e7\u00e3o. O Red Cave Whiskey - Lapa Vermelha Edition \u00e9 uma homenagem \u00e0 rica tradi\u00e7\u00e3o do Bourbon americano, elevada pelo toque inovador da regi\u00e3o de Lapa Vermelha (em Pedro Leopoldo MG), resultando em uma experi\u00eancia sensorial incompar\u00e1vel.  Caracter\u00edsticas   Regi\u00e3o: Matozinhos \/ Minas Gerais.  Aroma: Baunilha, caramelo, madeira tostada e noz-moscada  Sabor: Suave, com notas de baunilha, caramelo, torta de ma\u00e7\u00e3, amadeirado e frutas maduras  Barril: Carvalho americano virgem  Gradua\u00e7\u00e3o alc\u00f3olica: ABV: 43%.  Volume: 720ml.  Pr\u00eamios \u00a0 \u00a0   Sugest\u00e3o de consumo Pode ser apreciado puro, com gelo ou conforme sua prefer\u00eancia.  Sua hist\u00f3ria Toda boa rela\u00e7\u00e3o precisa de tempo para ser constru\u00edda. E foi para ter mais tempo juntos que os irm\u00e3os Lamas levaram ao extremo a paix\u00e3o por um destilado: o whisky. Estes encontros, verdadeiras sess\u00f5es de estudo em busca de sabores \u00fanicos, t\u00e9cnicas mais aprimoradas e novas receitas, unem a tradi\u00e7\u00e3o aos sabores que criaram em fam\u00edlia.\u00a0A Lamas \u00e9 uma destilaria mineira que se destaca no mercado internacional com notas \u00fanicas e profundas.\u00a0Nutrindo uma paix\u00e3o pelo processo, pela fazedura, pela elabora\u00e7\u00e3o de um sabor capaz de proporcionar experi\u00eancias singulares de prazer e qualidade.","og_url":"https:\/\/viajandocomtoledo.com.br\/loja\/produto\/whisky-red-cave-lapa-vermelha-edition-720ml\/","og_site_name":"Loja Viajando com Toledo","article_publisher":"https:\/\/web.facebook.com\/viajandocomtoledo","article_modified_time":"2025-08-28T13:47:41+00:00","og_image":[{"width":1080,"height":1080,"url":"https:\/\/viajandocomtoledo.com.br\/loja\/wp-content\/uploads\/2025\/08\/Design-sem-nome-1.png","type":"image\/png"}],"twitter_card":"summary_large_image","twitter_misc":{"Est. tempo de leitura":"2 minutos"},"schema":{"@context":"https:\/\/schema.org","@graph":[{"@type":"WebPage","@id":"https:\/\/viajandocomtoledo.com.br\/loja\/produto\/whisky-red-cave-lapa-vermelha-edition-720ml\/","url":"https:\/\/viajandocomtoledo.com.br\/loja\/produto\/whisky-red-cave-lapa-vermelha-edition-720ml\/","name":"Whisky Red Cave (Lapa Vermelha Edition) 720ml - Loja Viajando com Toledo","isPartOf":{"@id":"https:\/\/viajandocomtoledo.com.br\/loja\/#website"},"primaryImageOfPage":{"@id":"https:\/\/viajandocomtoledo.com.br\/loja\/produto\/whisky-red-cave-lapa-vermelha-edition-720ml\/#primaryimage"},"image":{"@id":"https:\/\/viajandocomtoledo.com.br\/loja\/produto\/whisky-red-cave-lapa-vermelha-edition-720ml\/#primaryimage"},"thumbnailUrl":"https:\/\/viajandocomtoledo.com.br\/loja\/wp-content\/uploads\/2025\/08\/Design-sem-nome-1.png","datePublished":"2022-11-22T13:41:10+00:00","dateModified":"2025-08-28T13:47:41+00:00","breadcrumb":{"@id":"https:\/\/viajandocomtoledo.com.br\/loja\/produto\/whisky-red-cave-lapa-vermelha-edition-720ml\/#breadcrumb"},"inLanguage":"pt-BR","potentialAction":[{"@type":"ReadAction","target":["https:\/\/viajandocomtoledo.com.br\/loja\/produto\/whisky-red-cave-lapa-vermelha-edition-720ml\/"]}]},{"@type":"ImageObject","inLanguage":"pt-BR","@id":"https:\/\/viajandocomtoledo.com.br\/loja\/produto\/whisky-red-cave-lapa-vermelha-edition-720ml\/#primaryimage","url":"https:\/\/viajandocomtoledo.com.br\/loja\/wp-content\/uploads\/2025\/08\/Design-sem-nome-1.png","contentUrl":"https:\/\/viajandocomtoledo.com.br\/loja\/wp-content\/uploads\/2025\/08\/Design-sem-nome-1.png","width":1080,"height":1080},{"@type":"BreadcrumbList","@id":"https:\/\/viajandocomtoledo.com.br\/loja\/produto\/whisky-red-cave-lapa-vermelha-edition-720ml\/#breadcrumb","itemListElement":[{"@type":"ListItem","position":1,"name":"In\u00edcio","item":"https:\/\/viajandocomtoledo.com.br\/loja\/"},{"@type":"ListItem","position":2,"name":"Produtos","item":"https:\/\/viajandocomtoledo.com.br\/loja\/"},{"@type":"ListItem","position":3,"name":"Whisky Red Cave (Lapa Vermelha Edition) 720ml"}]},{"@type":"WebSite","@id":"https:\/\/viajandocomtoledo.com.br\/loja\/#website","url":"https:\/\/viajandocomtoledo.com.br\/loja\/","name":"Loja Viajando com Toledo","description":"Loja do site - Viajando com Toledo","publisher":{"@id":"https:\/\/viajandocomtoledo.com.br\/loja\/#organization"},"potentialAction":[{"@type":"SearchAction","target":{"@type":"EntryPoint","urlTemplate":"https:\/\/viajandocomtoledo.com.br\/loja\/?s={search_term_string}"},"query-input":{"@type":"PropertyValueSpecification","valueRequired":true,"valueName":"search_term_string"}}],"inLanguage":"pt-BR"},{"@type":"Organization","@id":"https:\/\/viajandocomtoledo.com.br\/loja\/#organization","name":"Loja Viajando com Toledo","url":"https:\/\/viajandocomtoledo.com.br\/loja\/","logo":{"@type":"ImageObject","inLanguage":"pt-BR","@id":"https:\/\/viajandocomtoledo.com.br\/loja\/#\/schema\/logo\/image\/","url":"https:\/\/viajandocomtoledo.com.br\/loja\/wp-content\/uploads\/2021\/07\/LOGO-VCT-e1626871875731.png","contentUrl":"https:\/\/viajandocomtoledo.com.br\/loja\/wp-content\/uploads\/2021\/07\/LOGO-VCT-e1626871875731.png","width":100,"height":46,"caption":"Loja Viajando com Toledo"},"image":{"@id":"https:\/\/viajandocomtoledo.com.br\/loja\/#\/schema\/logo\/image\/"},"sameAs":["https:\/\/web.facebook.com\/viajandocomtoledo","https:\/\/www.instagram.com\/viajandocomtoledo\/"]}]}},"_links":{"self":[{"href":"https:\/\/viajandocomtoledo.com.br\/loja\/wp-json\/wp\/v2\/product\/3596","targetHints":{"allow":["GET"]}}],"collection":[{"href":"https:\/\/viajandocomtoledo.com.br\/loja\/wp-json\/wp\/v2\/product"}],"about":[{"href":"https:\/\/viajandocomtoledo.com.br\/loja\/wp-json\/wp\/v2\/types\/product"}],"replies":[{"embeddable":true,"href":"https:\/\/viajandocomtoledo.com.br\/loja\/wp-json\/wp\/v2\/comments?post=3596"}],"wp:featuredmedia":[{"embeddable":true,"href":"https:\/\/viajandocomtoledo.com.br\/loja\/wp-json\/wp\/v2\/media\/3599"}],"wp:attachment":[{"href":"https:\/\/viajandocomtoledo.com.br\/loja\/wp-json\/wp\/v2\/media?parent=3596"}],"wp:term":[{"taxonomy":"product_cat","embeddable":true,"href":"https:\/\/viajandocomtoledo.com.br\/loja\/wp-json\/wp\/v2\/product_cat?post=3596"},{"taxonomy":"product_tag","embeddable":true,"href":"https:\/\/viajandocomtoledo.com.br\/loja\/wp-json\/wp\/v2\/product_tag?post=3596"}],"curies":[{"name":"wp","href":"https:\/\/api.w.org\/{rel}","templated":true}]}}