{"id":1733,"date":"2024-01-16T15:33:47","date_gmt":"2024-01-16T18:33:47","guid":{"rendered":"https:\/\/viajandocomtoledo.com.br\/loja\/?post_type=product&#038;p=1733"},"modified":"2025-12-05T07:29:10","modified_gmt":"2025-12-05T10:29:10","slug":"combo-cachacas-vale-verde-160ml","status":"publish","type":"product","link":"https:\/\/viajandocomtoledo.com.br\/loja\/produto\/combo-cachacas-vale-verde-160ml\/","title":{"rendered":"Combo Cacha\u00e7as Vale Verde 160ml"},"content":{"rendered":"","protected":false},"excerpt":{"rendered":"<p><em><strong>1 Cacha\u00e7a Vale Verde Extra Premium 160ml<\/strong><\/em><\/p>\n<ul>\n<li style=\"text-align: left;\"><em><strong>Regi\u00e3o:<\/strong> Betim \/ Minas Gerais.<\/em><\/li>\n<li style=\"text-align: left;\"><em><strong>Amadurecimento:<\/strong> Armazenada em barris de carvalho por 3 anos<\/em><\/li>\n<li style=\"text-align: left;\"><em><strong>Ingredientes: <\/strong>Mosto fermentado do caldo de cana de a\u00e7\u00facar.<\/em><\/li>\n<li style=\"text-align: left;\"><em><strong>Gradua\u00e7\u00e3o alco\u00f3lica:<\/strong> 40%\/vol.<\/em><\/li>\n<li style=\"text-align: left;\"><em>Provada e aprovada por Ot\u00e1vio di Toledo.<\/em><\/li>\n<li style=\"text-align: left;\"><em><strong>Premiada no Brasil e no mundo.<\/strong><\/em><\/li>\n<\/ul>\n<p><em><strong>1 Cacha\u00e7a Vale Verde Prata 160ml<\/strong><\/em><\/p>\n<ul>\n<li style=\"text-align: left;\"><em><strong>Regi\u00e3o:<\/strong> Betim \/ Minas Gerais.<\/em><\/li>\n<li style=\"text-align: left;\"><em><strong>Amadurecimento:<\/strong> Armazenada em barris de inox.<\/em><\/li>\n<li style=\"text-align: left;\"><em><strong>Ingredientes:<\/strong> Mosto fermentado do caldo de cana de a\u00e7\u00facar.<\/em><\/li>\n<li style=\"text-align: left;\"><em><strong>Gradua\u00e7\u00e3o alco\u00f3lica:<\/strong> 40%\/vol.<\/em><\/li>\n<li style=\"text-align: left;\"><em>Provada e aprovada por Ot\u00e1vio di Toledo.<\/em><\/li>\n<li style=\"text-align: left;\"><em><strong>Experimente e se apaixone!<\/strong><\/em><\/li>\n<\/ul>\n<p>O valor do combo j\u00e1 est\u00e1 com o desconto inclu\u00eddo.<\/p>\n<h2 style=\"text-align: center;\">O QUE VOC\u00ca VAI RECEBER<\/h2>\n<ul>\n<li style=\"text-align: left;\"><strong>1 Cacha\u00e7a Vale Verde Extra Premium 160ml<\/strong><\/li>\n<li style=\"text-align: left;\"><strong>1 Cacha\u00e7a Vale Verde Prata 160ml<\/strong><\/li>\n<\/ul>\n<p>Aprecie com modera\u00e7\u00e3o! N\u00e3o compartilhe com menores de 18 anos.<\/p>\n<h2 style=\"text-align: center;\">SUA HIST\u00d3RIA<\/h2>\n<p style=\"text-align: center;\">A paix\u00e3o pelo que faz e a incans\u00e1vel busca pela qualidade definem a t\u00f4nica idealizadora do Grupo Vale Verde. Em meados dos anos 80, seu fundador, Luiz Ot\u00e1vio P\u00f4ssas Gon\u00e7alves, conhecido empres\u00e1rio criador da cerveja Kaiser buscou na Europa t\u00e9cnicas para aprimorar a fermenta\u00e7\u00e3o e destila\u00e7\u00e3o, assimilando tecnologias usadas na fabrica\u00e7\u00e3o de u\u00edsques finos. Em 1985, nasce ent\u00e3o a Vale Verde.<\/p>\n","protected":false},"featured_media":2481,"comment_status":"closed","ping_status":"closed","template":"","meta":{"_acf_changed":false,"_monsterinsights_skip_tracking":false,"_monsterinsights_sitenote_active":false,"_monsterinsights_sitenote_note":"","_monsterinsights_sitenote_category":0},"product_cat":[63],"product_tag":[],"class_list":{"0":"post-1733","1":"product","2":"type-product","3":"status-publish","4":"has-post-thumbnail","6":"product_cat-central","7":"product_shipping_class-produtos-diversos","9":"first","10":"instock","11":"sale","12":"taxable","13":"shipping-taxable","14":"purchasable","15":"product-type-simple"},"acf":[],"aioseo_notices":[],"yoast_head":"<!-- This site is optimized with the Yoast SEO plugin v25.8 - https:\/\/yoast.com\/wordpress\/plugins\/seo\/ -->\n<title>Combo Cacha\u00e7as Vale Verde 160ml - Loja Viajando com Toledo<\/title>\n<meta name=\"robots\" content=\"index, follow, max-snippet:-1, max-image-preview:large, max-video-preview:-1\" \/>\n<link rel=\"canonical\" href=\"https:\/\/viajandocomtoledo.com.br\/loja\/produto\/combo-cachacas-vale-verde-160ml\/\" \/>\n<meta property=\"og:locale\" content=\"pt_BR\" \/>\n<meta property=\"og:type\" content=\"article\" \/>\n<meta property=\"og:title\" content=\"Combo Cacha\u00e7as Vale Verde 160ml - Loja Viajando com Toledo\" \/>\n<meta property=\"og:description\" content=\"1 Cacha\u00e7a Vale Verde Extra Premium 160ml   Regi\u00e3o: Betim \/ Minas Gerais.  Amadurecimento: Armazenada em barris de carvalho por 3 anos  Ingredientes: Mosto fermentado do caldo de cana de a\u00e7\u00facar.  Gradua\u00e7\u00e3o alco\u00f3lica: 40%\/vol.  Provada e aprovada por Ot\u00e1vio di Toledo.  Premiada no Brasil e no mundo.  1 Cacha\u00e7a Vale Verde Prata 160ml   Regi\u00e3o: Betim \/ Minas Gerais.  Amadurecimento: Armazenada em barris de inox.  Ingredientes: Mosto fermentado do caldo de cana de a\u00e7\u00facar.  Gradua\u00e7\u00e3o alco\u00f3lica: 40%\/vol.  Provada e aprovada por Ot\u00e1vio di Toledo.  Experimente e se apaixone!  O valor do combo j\u00e1 est\u00e1 com o desconto inclu\u00eddo. O QUE VOC\u00ca VAI RECEBER   1 Cacha\u00e7a Vale Verde Extra Premium 160ml  1 Cacha\u00e7a Vale Verde Prata 160ml  Aprecie com modera\u00e7\u00e3o! N\u00e3o compartilhe com menores de 18 anos. SUA HIST\u00d3RIA A paix\u00e3o pelo que faz e a incans\u00e1vel busca pela qualidade definem a t\u00f4nica idealizadora do Grupo Vale Verde. Em meados dos anos 80, seu fundador, Luiz Ot\u00e1vio P\u00f4ssas Gon\u00e7alves, conhecido empres\u00e1rio criador da cerveja Kaiser buscou na Europa t\u00e9cnicas para aprimorar a fermenta\u00e7\u00e3o e destila\u00e7\u00e3o, assimilando tecnologias usadas na fabrica\u00e7\u00e3o de u\u00edsques finos. Em 1985, nasce ent\u00e3o a Vale Verde.\" \/>\n<meta property=\"og:url\" content=\"https:\/\/viajandocomtoledo.com.br\/loja\/produto\/combo-cachacas-vale-verde-160ml\/\" \/>\n<meta property=\"og:site_name\" content=\"Loja Viajando com Toledo\" \/>\n<meta property=\"article:publisher\" content=\"https:\/\/web.facebook.com\/viajandocomtoledo\" \/>\n<meta property=\"article:modified_time\" content=\"2025-12-05T10:29:10+00:00\" \/>\n<meta property=\"og:image\" content=\"https:\/\/viajandocomtoledo.com.br\/loja\/wp-content\/uploads\/2021\/05\/WhatsApp-Image-2023-03-21-at-15.17.03-5.jpeg\" \/>\n\t<meta property=\"og:image:width\" content=\"1080\" \/>\n\t<meta property=\"og:image:height\" content=\"1080\" \/>\n\t<meta property=\"og:image:type\" content=\"image\/jpeg\" \/>\n<meta name=\"twitter:card\" content=\"summary_large_image\" \/>\n<script type=\"application\/ld+json\" class=\"yoast-schema-graph\">{\"@context\":\"https:\/\/schema.org\",\"@graph\":[{\"@type\":\"WebPage\",\"@id\":\"https:\/\/viajandocomtoledo.com.br\/loja\/produto\/combo-cachacas-vale-verde-160ml\/\",\"url\":\"https:\/\/viajandocomtoledo.com.br\/loja\/produto\/combo-cachacas-vale-verde-160ml\/\",\"name\":\"Combo Cacha\u00e7as Vale Verde 160ml - Loja Viajando com Toledo\",\"isPartOf\":{\"@id\":\"https:\/\/viajandocomtoledo.com.br\/loja\/#website\"},\"primaryImageOfPage\":{\"@id\":\"https:\/\/viajandocomtoledo.com.br\/loja\/produto\/combo-cachacas-vale-verde-160ml\/#primaryimage\"},\"image\":{\"@id\":\"https:\/\/viajandocomtoledo.com.br\/loja\/produto\/combo-cachacas-vale-verde-160ml\/#primaryimage\"},\"thumbnailUrl\":\"https:\/\/viajandocomtoledo.com.br\/loja\/wp-content\/uploads\/2021\/05\/WhatsApp-Image-2023-03-21-at-15.17.03-5.jpeg\",\"datePublished\":\"2024-01-16T18:33:47+00:00\",\"dateModified\":\"2025-12-05T10:29:10+00:00\",\"breadcrumb\":{\"@id\":\"https:\/\/viajandocomtoledo.com.br\/loja\/produto\/combo-cachacas-vale-verde-160ml\/#breadcrumb\"},\"inLanguage\":\"pt-BR\",\"potentialAction\":[{\"@type\":\"ReadAction\",\"target\":[\"https:\/\/viajandocomtoledo.com.br\/loja\/produto\/combo-cachacas-vale-verde-160ml\/\"]}]},{\"@type\":\"ImageObject\",\"inLanguage\":\"pt-BR\",\"@id\":\"https:\/\/viajandocomtoledo.com.br\/loja\/produto\/combo-cachacas-vale-verde-160ml\/#primaryimage\",\"url\":\"https:\/\/viajandocomtoledo.com.br\/loja\/wp-content\/uploads\/2021\/05\/WhatsApp-Image-2023-03-21-at-15.17.03-5.jpeg\",\"contentUrl\":\"https:\/\/viajandocomtoledo.com.br\/loja\/wp-content\/uploads\/2021\/05\/WhatsApp-Image-2023-03-21-at-15.17.03-5.jpeg\",\"width\":1080,\"height\":1080},{\"@type\":\"BreadcrumbList\",\"@id\":\"https:\/\/viajandocomtoledo.com.br\/loja\/produto\/combo-cachacas-vale-verde-160ml\/#breadcrumb\",\"itemListElement\":[{\"@type\":\"ListItem\",\"position\":1,\"name\":\"In\u00edcio\",\"item\":\"https:\/\/viajandocomtoledo.com.br\/loja\/\"},{\"@type\":\"ListItem\",\"position\":2,\"name\":\"Produtos\",\"item\":\"https:\/\/viajandocomtoledo.com.br\/loja\/\"},{\"@type\":\"ListItem\",\"position\":3,\"name\":\"Combo Cacha\u00e7as Vale Verde 160ml\"}]},{\"@type\":\"WebSite\",\"@id\":\"https:\/\/viajandocomtoledo.com.br\/loja\/#website\",\"url\":\"https:\/\/viajandocomtoledo.com.br\/loja\/\",\"name\":\"Loja Viajando com Toledo\",\"description\":\"Loja do site - Viajando com Toledo\",\"publisher\":{\"@id\":\"https:\/\/viajandocomtoledo.com.br\/loja\/#organization\"},\"potentialAction\":[{\"@type\":\"SearchAction\",\"target\":{\"@type\":\"EntryPoint\",\"urlTemplate\":\"https:\/\/viajandocomtoledo.com.br\/loja\/?s={search_term_string}\"},\"query-input\":{\"@type\":\"PropertyValueSpecification\",\"valueRequired\":true,\"valueName\":\"search_term_string\"}}],\"inLanguage\":\"pt-BR\"},{\"@type\":\"Organization\",\"@id\":\"https:\/\/viajandocomtoledo.com.br\/loja\/#organization\",\"name\":\"Loja Viajando com Toledo\",\"url\":\"https:\/\/viajandocomtoledo.com.br\/loja\/\",\"logo\":{\"@type\":\"ImageObject\",\"inLanguage\":\"pt-BR\",\"@id\":\"https:\/\/viajandocomtoledo.com.br\/loja\/#\/schema\/logo\/image\/\",\"url\":\"https:\/\/viajandocomtoledo.com.br\/loja\/wp-content\/uploads\/2021\/07\/LOGO-VCT-e1626871875731.png\",\"contentUrl\":\"https:\/\/viajandocomtoledo.com.br\/loja\/wp-content\/uploads\/2021\/07\/LOGO-VCT-e1626871875731.png\",\"width\":100,\"height\":46,\"caption\":\"Loja Viajando com Toledo\"},\"image\":{\"@id\":\"https:\/\/viajandocomtoledo.com.br\/loja\/#\/schema\/logo\/image\/\"},\"sameAs\":[\"https:\/\/web.facebook.com\/viajandocomtoledo\",\"https:\/\/www.instagram.com\/viajandocomtoledo\/\"]}]}<\/script>\n<!-- \/ Yoast SEO plugin. -->","yoast_head_json":{"title":"Combo Cacha\u00e7as Vale Verde 160ml - Loja Viajando com Toledo","robots":{"index":"index","follow":"follow","max-snippet":"max-snippet:-1","max-image-preview":"max-image-preview:large","max-video-preview":"max-video-preview:-1"},"canonical":"https:\/\/viajandocomtoledo.com.br\/loja\/produto\/combo-cachacas-vale-verde-160ml\/","og_locale":"pt_BR","og_type":"article","og_title":"Combo Cacha\u00e7as Vale Verde 160ml - Loja Viajando com Toledo","og_description":"1 Cacha\u00e7a Vale Verde Extra Premium 160ml   Regi\u00e3o: Betim \/ Minas Gerais.  Amadurecimento: Armazenada em barris de carvalho por 3 anos  Ingredientes: Mosto fermentado do caldo de cana de a\u00e7\u00facar.  Gradua\u00e7\u00e3o alco\u00f3lica: 40%\/vol.  Provada e aprovada por Ot\u00e1vio di Toledo.  Premiada no Brasil e no mundo.  1 Cacha\u00e7a Vale Verde Prata 160ml   Regi\u00e3o: Betim \/ Minas Gerais.  Amadurecimento: Armazenada em barris de inox.  Ingredientes: Mosto fermentado do caldo de cana de a\u00e7\u00facar.  Gradua\u00e7\u00e3o alco\u00f3lica: 40%\/vol.  Provada e aprovada por Ot\u00e1vio di Toledo.  Experimente e se apaixone!  O valor do combo j\u00e1 est\u00e1 com o desconto inclu\u00eddo. O QUE VOC\u00ca VAI RECEBER   1 Cacha\u00e7a Vale Verde Extra Premium 160ml  1 Cacha\u00e7a Vale Verde Prata 160ml  Aprecie com modera\u00e7\u00e3o! N\u00e3o compartilhe com menores de 18 anos. SUA HIST\u00d3RIA A paix\u00e3o pelo que faz e a incans\u00e1vel busca pela qualidade definem a t\u00f4nica idealizadora do Grupo Vale Verde. Em meados dos anos 80, seu fundador, Luiz Ot\u00e1vio P\u00f4ssas Gon\u00e7alves, conhecido empres\u00e1rio criador da cerveja Kaiser buscou na Europa t\u00e9cnicas para aprimorar a fermenta\u00e7\u00e3o e destila\u00e7\u00e3o, assimilando tecnologias usadas na fabrica\u00e7\u00e3o de u\u00edsques finos. Em 1985, nasce ent\u00e3o a Vale Verde.","og_url":"https:\/\/viajandocomtoledo.com.br\/loja\/produto\/combo-cachacas-vale-verde-160ml\/","og_site_name":"Loja Viajando com Toledo","article_publisher":"https:\/\/web.facebook.com\/viajandocomtoledo","article_modified_time":"2025-12-05T10:29:10+00:00","og_image":[{"width":1080,"height":1080,"url":"https:\/\/viajandocomtoledo.com.br\/loja\/wp-content\/uploads\/2021\/05\/WhatsApp-Image-2023-03-21-at-15.17.03-5.jpeg","type":"image\/jpeg"}],"twitter_card":"summary_large_image","schema":{"@context":"https:\/\/schema.org","@graph":[{"@type":"WebPage","@id":"https:\/\/viajandocomtoledo.com.br\/loja\/produto\/combo-cachacas-vale-verde-160ml\/","url":"https:\/\/viajandocomtoledo.com.br\/loja\/produto\/combo-cachacas-vale-verde-160ml\/","name":"Combo Cacha\u00e7as Vale Verde 160ml - Loja Viajando com Toledo","isPartOf":{"@id":"https:\/\/viajandocomtoledo.com.br\/loja\/#website"},"primaryImageOfPage":{"@id":"https:\/\/viajandocomtoledo.com.br\/loja\/produto\/combo-cachacas-vale-verde-160ml\/#primaryimage"},"image":{"@id":"https:\/\/viajandocomtoledo.com.br\/loja\/produto\/combo-cachacas-vale-verde-160ml\/#primaryimage"},"thumbnailUrl":"https:\/\/viajandocomtoledo.com.br\/loja\/wp-content\/uploads\/2021\/05\/WhatsApp-Image-2023-03-21-at-15.17.03-5.jpeg","datePublished":"2024-01-16T18:33:47+00:00","dateModified":"2025-12-05T10:29:10+00:00","breadcrumb":{"@id":"https:\/\/viajandocomtoledo.com.br\/loja\/produto\/combo-cachacas-vale-verde-160ml\/#breadcrumb"},"inLanguage":"pt-BR","potentialAction":[{"@type":"ReadAction","target":["https:\/\/viajandocomtoledo.com.br\/loja\/produto\/combo-cachacas-vale-verde-160ml\/"]}]},{"@type":"ImageObject","inLanguage":"pt-BR","@id":"https:\/\/viajandocomtoledo.com.br\/loja\/produto\/combo-cachacas-vale-verde-160ml\/#primaryimage","url":"https:\/\/viajandocomtoledo.com.br\/loja\/wp-content\/uploads\/2021\/05\/WhatsApp-Image-2023-03-21-at-15.17.03-5.jpeg","contentUrl":"https:\/\/viajandocomtoledo.com.br\/loja\/wp-content\/uploads\/2021\/05\/WhatsApp-Image-2023-03-21-at-15.17.03-5.jpeg","width":1080,"height":1080},{"@type":"BreadcrumbList","@id":"https:\/\/viajandocomtoledo.com.br\/loja\/produto\/combo-cachacas-vale-verde-160ml\/#breadcrumb","itemListElement":[{"@type":"ListItem","position":1,"name":"In\u00edcio","item":"https:\/\/viajandocomtoledo.com.br\/loja\/"},{"@type":"ListItem","position":2,"name":"Produtos","item":"https:\/\/viajandocomtoledo.com.br\/loja\/"},{"@type":"ListItem","position":3,"name":"Combo Cacha\u00e7as Vale Verde 160ml"}]},{"@type":"WebSite","@id":"https:\/\/viajandocomtoledo.com.br\/loja\/#website","url":"https:\/\/viajandocomtoledo.com.br\/loja\/","name":"Loja Viajando com Toledo","description":"Loja do site - Viajando com Toledo","publisher":{"@id":"https:\/\/viajandocomtoledo.com.br\/loja\/#organization"},"potentialAction":[{"@type":"SearchAction","target":{"@type":"EntryPoint","urlTemplate":"https:\/\/viajandocomtoledo.com.br\/loja\/?s={search_term_string}"},"query-input":{"@type":"PropertyValueSpecification","valueRequired":true,"valueName":"search_term_string"}}],"inLanguage":"pt-BR"},{"@type":"Organization","@id":"https:\/\/viajandocomtoledo.com.br\/loja\/#organization","name":"Loja Viajando com Toledo","url":"https:\/\/viajandocomtoledo.com.br\/loja\/","logo":{"@type":"ImageObject","inLanguage":"pt-BR","@id":"https:\/\/viajandocomtoledo.com.br\/loja\/#\/schema\/logo\/image\/","url":"https:\/\/viajandocomtoledo.com.br\/loja\/wp-content\/uploads\/2021\/07\/LOGO-VCT-e1626871875731.png","contentUrl":"https:\/\/viajandocomtoledo.com.br\/loja\/wp-content\/uploads\/2021\/07\/LOGO-VCT-e1626871875731.png","width":100,"height":46,"caption":"Loja Viajando com Toledo"},"image":{"@id":"https:\/\/viajandocomtoledo.com.br\/loja\/#\/schema\/logo\/image\/"},"sameAs":["https:\/\/web.facebook.com\/viajandocomtoledo","https:\/\/www.instagram.com\/viajandocomtoledo\/"]}]}},"_links":{"self":[{"href":"https:\/\/viajandocomtoledo.com.br\/loja\/wp-json\/wp\/v2\/product\/1733","targetHints":{"allow":["GET"]}}],"collection":[{"href":"https:\/\/viajandocomtoledo.com.br\/loja\/wp-json\/wp\/v2\/product"}],"about":[{"href":"https:\/\/viajandocomtoledo.com.br\/loja\/wp-json\/wp\/v2\/types\/product"}],"replies":[{"embeddable":true,"href":"https:\/\/viajandocomtoledo.com.br\/loja\/wp-json\/wp\/v2\/comments?post=1733"}],"wp:featuredmedia":[{"embeddable":true,"href":"https:\/\/viajandocomtoledo.com.br\/loja\/wp-json\/wp\/v2\/media\/2481"}],"wp:attachment":[{"href":"https:\/\/viajandocomtoledo.com.br\/loja\/wp-json\/wp\/v2\/media?parent=1733"}],"wp:term":[{"taxonomy":"product_cat","embeddable":true,"href":"https:\/\/viajandocomtoledo.com.br\/loja\/wp-json\/wp\/v2\/product_cat?post=1733"},{"taxonomy":"product_tag","embeddable":true,"href":"https:\/\/viajandocomtoledo.com.br\/loja\/wp-json\/wp\/v2\/product_tag?post=1733"}],"curies":[{"name":"wp","href":"https:\/\/api.w.org\/{rel}","templated":true}]}}