{"id":1299,"date":"2022-11-22T16:29:28","date_gmt":"2022-11-22T19:29:28","guid":{"rendered":"https:\/\/viajandocomtoledo.com.br\/loja\/?post_type=product&#038;p=1299"},"modified":"2026-03-20T11:11:22","modified_gmt":"2026-03-20T14:11:22","slug":"doce-de-leite-rocca-tradicional-400g","status":"publish","type":"product","link":"https:\/\/viajandocomtoledo.com.br\/loja\/produto\/doce-de-leite-rocca-tradicional-400g\/","title":{"rendered":"Doce de leite Rocca Tradicional 400g"},"content":{"rendered":"","protected":false},"excerpt":{"rendered":"<p style=\"text-align: center;\">A Rocca nasceu em uma fazenda (Fazenda Z\u00e9 Pequeno) que produz leite a mais de 60 anos, em Pouso Alegre, no Sul de Minas Gerais com a ideia de criar um produto que resgatasse o prazer do Doce de Leite. Assim \u00e9 o Doce de Leite Rocca Tradicional, nos traz o que a de melhor em Minas Gerais.<\/p>\n<h2 style=\"text-align: center;\"><strong>CARACTER\u00cdSTICAS<\/strong><\/h2>\n<ul>\n<li><strong><em>Regi\u00e3o:\u00a0<\/em><\/strong><em>Pouso Alegre \/ Minas Gerais.<\/em><\/li>\n<li><strong><em>Cor: <\/em><\/strong><em>Por passar um longo processo de cozimento, ficam com um aspecto de um doce mais escuro.<\/em><\/li>\n<li><strong><em>Ingredientes: <\/em><\/strong><em>Leite e a\u00e7\u00facar. N\u00e3o cont\u00e9m conservantes e espessante. <\/em><\/li>\n<li><em>Provada e aprovada por Ot\u00e1vio di Toledo.<\/em><strong>\u00a0<\/strong><\/li>\n<\/ul>\n<h2 style=\"text-align: center;\"><strong>sugest\u00e3o de consumo <\/strong><\/h2>\n<p style=\"text-align: center;\"><em>O Doce de Leite Rocca Tradicional \u00e9 perfeito para comer de colher, com p\u00e3o de queijo, queijo fresco, salada de frutas ou at\u00e9 mesmo torradinhas.<\/em><\/p>\n<h2 style=\"text-align: center;\"><strong>CONSERVA\u00c7\u00c3O<\/strong><\/h2>\n<p style=\"text-align: center;\"><em>Ap\u00f3s aberto manter refrigerado e consumir em at\u00e9 7 dias.<\/em><\/p>\n<h2 style=\"text-align: center;\"><strong>SUA HIST\u00d3RIA<\/strong><\/h2>\n<p style=\"text-align: center;\"><em>A ideia era criar um produto puro que resgatasse o prazer do doce de leite e agregasse valor ao leite produzido na fazenda a mais de 50 anos. Criando boas lembran\u00e7as e conectando o consumidor com o campo. Ap\u00f3s um ano entre acertos e erros, o casal chegou \u00e0 receita, que leva menos a\u00e7\u00facar e nenhum tipo de conservante e espessante. Alguns anos depois, com o crescimento, hoje tem tamb\u00e9m capta\u00e7\u00e3o de leite externo, via cooperativas parceiras que fazem um lindo trabalho com os produtores de leite da Regi\u00e3o. Assim como fazem em casa (leite do Z\u00e9 Pequeno), o sonho sempre foi ajudar e valorizar o trabalho do produtor Rural.<\/em><\/p>\n","protected":false},"featured_media":3961,"comment_status":"closed","ping_status":"closed","template":"","meta":{"_acf_changed":false,"_monsterinsights_skip_tracking":false,"_monsterinsights_sitenote_active":false,"_monsterinsights_sitenote_note":"","_monsterinsights_sitenote_category":0},"product_cat":[53,65],"product_tag":[],"class_list":{"0":"post-1299","1":"product","2":"type-product","3":"status-publish","4":"has-post-thumbnail","6":"product_cat-doces","7":"product_cat-sul-de-minas","8":"product_shipping_class-produtos-diversos","10":"first","11":"instock","12":"taxable","13":"shipping-taxable","14":"purchasable","15":"product-type-simple"},"acf":[],"aioseo_notices":[],"yoast_head":"<!-- This site is optimized with the Yoast SEO plugin v25.8 - https:\/\/yoast.com\/wordpress\/plugins\/seo\/ -->\n<title>Doce de leite Rocca Tradicional 400g - Loja Viajando com Toledo<\/title>\n<meta name=\"robots\" content=\"index, follow, max-snippet:-1, max-image-preview:large, max-video-preview:-1\" \/>\n<link rel=\"canonical\" href=\"https:\/\/viajandocomtoledo.com.br\/loja\/produto\/doce-de-leite-rocca-tradicional-400g\/\" \/>\n<meta property=\"og:locale\" content=\"pt_BR\" \/>\n<meta property=\"og:type\" content=\"article\" \/>\n<meta property=\"og:title\" content=\"Doce de leite Rocca Tradicional 400g - Loja Viajando com Toledo\" \/>\n<meta property=\"og:description\" content=\"A Rocca nasceu em uma fazenda (Fazenda Z\u00e9 Pequeno) que produz leite a mais de 60 anos, em Pouso Alegre, no Sul de Minas Gerais com a ideia de criar um produto que resgatasse o prazer do Doce de Leite. Assim \u00e9 o Doce de Leite Rocca Tradicional, nos traz o que a de melhor em Minas Gerais.  CARACTER\u00cdSTICAS   Regi\u00e3o:\u00a0Pouso Alegre \/ Minas Gerais.  Cor: Por passar um longo processo de cozimento, ficam com um aspecto de um doce mais escuro.  Ingredientes: Leite e a\u00e7\u00facar. N\u00e3o cont\u00e9m conservantes e espessante.   Provada e aprovada por Ot\u00e1vio di Toledo.\u00a0  sugest\u00e3o de consumo  O Doce de Leite Rocca Tradicional \u00e9 perfeito para comer de colher, com p\u00e3o de queijo, queijo fresco, salada de frutas ou at\u00e9 mesmo torradinhas.  CONSERVA\u00c7\u00c3O Ap\u00f3s aberto manter refrigerado e consumir em at\u00e9 7 dias.  SUA HIST\u00d3RIA A ideia era criar um produto puro que resgatasse o prazer do doce de leite e agregasse valor ao leite produzido na fazenda a mais de 50 anos. Criando boas lembran\u00e7as e conectando o consumidor com o campo. Ap\u00f3s um ano entre acertos e erros, o casal chegou \u00e0 receita, que leva menos a\u00e7\u00facar e nenhum tipo de conservante e espessante. Alguns anos depois, com o crescimento, hoje tem tamb\u00e9m capta\u00e7\u00e3o de leite externo, via cooperativas parceiras que fazem um lindo trabalho com os produtores de leite da Regi\u00e3o. Assim como fazem em casa (leite do Z\u00e9 Pequeno), o sonho sempre foi ajudar e valorizar o trabalho do produtor Rural.\" \/>\n<meta property=\"og:url\" content=\"https:\/\/viajandocomtoledo.com.br\/loja\/produto\/doce-de-leite-rocca-tradicional-400g\/\" \/>\n<meta property=\"og:site_name\" content=\"Loja Viajando com Toledo\" \/>\n<meta property=\"article:publisher\" content=\"https:\/\/web.facebook.com\/viajandocomtoledo\" \/>\n<meta property=\"article:modified_time\" content=\"2026-03-20T14:11:22+00:00\" \/>\n<meta property=\"og:image\" content=\"https:\/\/viajandocomtoledo.com.br\/loja\/wp-content\/uploads\/2022\/05\/2.png\" \/>\n\t<meta property=\"og:image:width\" content=\"1080\" \/>\n\t<meta property=\"og:image:height\" content=\"1080\" \/>\n\t<meta property=\"og:image:type\" content=\"image\/png\" \/>\n<meta name=\"twitter:card\" content=\"summary_large_image\" \/>\n<meta name=\"twitter:label1\" content=\"Est. tempo de leitura\" \/>\n\t<meta name=\"twitter:data1\" content=\"1 minuto\" \/>\n<script type=\"application\/ld+json\" class=\"yoast-schema-graph\">{\"@context\":\"https:\/\/schema.org\",\"@graph\":[{\"@type\":\"WebPage\",\"@id\":\"https:\/\/viajandocomtoledo.com.br\/loja\/produto\/doce-de-leite-rocca-tradicional-400g\/\",\"url\":\"https:\/\/viajandocomtoledo.com.br\/loja\/produto\/doce-de-leite-rocca-tradicional-400g\/\",\"name\":\"Doce de leite Rocca Tradicional 400g - Loja Viajando com Toledo\",\"isPartOf\":{\"@id\":\"https:\/\/viajandocomtoledo.com.br\/loja\/#website\"},\"primaryImageOfPage\":{\"@id\":\"https:\/\/viajandocomtoledo.com.br\/loja\/produto\/doce-de-leite-rocca-tradicional-400g\/#primaryimage\"},\"image\":{\"@id\":\"https:\/\/viajandocomtoledo.com.br\/loja\/produto\/doce-de-leite-rocca-tradicional-400g\/#primaryimage\"},\"thumbnailUrl\":\"https:\/\/viajandocomtoledo.com.br\/loja\/wp-content\/uploads\/2022\/05\/2.png\",\"datePublished\":\"2022-11-22T19:29:28+00:00\",\"dateModified\":\"2026-03-20T14:11:22+00:00\",\"breadcrumb\":{\"@id\":\"https:\/\/viajandocomtoledo.com.br\/loja\/produto\/doce-de-leite-rocca-tradicional-400g\/#breadcrumb\"},\"inLanguage\":\"pt-BR\",\"potentialAction\":[{\"@type\":\"ReadAction\",\"target\":[\"https:\/\/viajandocomtoledo.com.br\/loja\/produto\/doce-de-leite-rocca-tradicional-400g\/\"]}]},{\"@type\":\"ImageObject\",\"inLanguage\":\"pt-BR\",\"@id\":\"https:\/\/viajandocomtoledo.com.br\/loja\/produto\/doce-de-leite-rocca-tradicional-400g\/#primaryimage\",\"url\":\"https:\/\/viajandocomtoledo.com.br\/loja\/wp-content\/uploads\/2022\/05\/2.png\",\"contentUrl\":\"https:\/\/viajandocomtoledo.com.br\/loja\/wp-content\/uploads\/2022\/05\/2.png\",\"width\":1080,\"height\":1080},{\"@type\":\"BreadcrumbList\",\"@id\":\"https:\/\/viajandocomtoledo.com.br\/loja\/produto\/doce-de-leite-rocca-tradicional-400g\/#breadcrumb\",\"itemListElement\":[{\"@type\":\"ListItem\",\"position\":1,\"name\":\"In\u00edcio\",\"item\":\"https:\/\/viajandocomtoledo.com.br\/loja\/\"},{\"@type\":\"ListItem\",\"position\":2,\"name\":\"Produtos\",\"item\":\"https:\/\/viajandocomtoledo.com.br\/loja\/\"},{\"@type\":\"ListItem\",\"position\":3,\"name\":\"Doce de leite Rocca Tradicional 400g\"}]},{\"@type\":\"WebSite\",\"@id\":\"https:\/\/viajandocomtoledo.com.br\/loja\/#website\",\"url\":\"https:\/\/viajandocomtoledo.com.br\/loja\/\",\"name\":\"Loja Viajando com Toledo\",\"description\":\"Loja do site - Viajando com Toledo\",\"publisher\":{\"@id\":\"https:\/\/viajandocomtoledo.com.br\/loja\/#organization\"},\"potentialAction\":[{\"@type\":\"SearchAction\",\"target\":{\"@type\":\"EntryPoint\",\"urlTemplate\":\"https:\/\/viajandocomtoledo.com.br\/loja\/?s={search_term_string}\"},\"query-input\":{\"@type\":\"PropertyValueSpecification\",\"valueRequired\":true,\"valueName\":\"search_term_string\"}}],\"inLanguage\":\"pt-BR\"},{\"@type\":\"Organization\",\"@id\":\"https:\/\/viajandocomtoledo.com.br\/loja\/#organization\",\"name\":\"Loja Viajando com Toledo\",\"url\":\"https:\/\/viajandocomtoledo.com.br\/loja\/\",\"logo\":{\"@type\":\"ImageObject\",\"inLanguage\":\"pt-BR\",\"@id\":\"https:\/\/viajandocomtoledo.com.br\/loja\/#\/schema\/logo\/image\/\",\"url\":\"https:\/\/viajandocomtoledo.com.br\/loja\/wp-content\/uploads\/2021\/07\/LOGO-VCT-e1626871875731.png\",\"contentUrl\":\"https:\/\/viajandocomtoledo.com.br\/loja\/wp-content\/uploads\/2021\/07\/LOGO-VCT-e1626871875731.png\",\"width\":100,\"height\":46,\"caption\":\"Loja Viajando com Toledo\"},\"image\":{\"@id\":\"https:\/\/viajandocomtoledo.com.br\/loja\/#\/schema\/logo\/image\/\"},\"sameAs\":[\"https:\/\/web.facebook.com\/viajandocomtoledo\",\"https:\/\/www.instagram.com\/viajandocomtoledo\/\"]}]}<\/script>\n<!-- \/ Yoast SEO plugin. -->","yoast_head_json":{"title":"Doce de leite Rocca Tradicional 400g - Loja Viajando com Toledo","robots":{"index":"index","follow":"follow","max-snippet":"max-snippet:-1","max-image-preview":"max-image-preview:large","max-video-preview":"max-video-preview:-1"},"canonical":"https:\/\/viajandocomtoledo.com.br\/loja\/produto\/doce-de-leite-rocca-tradicional-400g\/","og_locale":"pt_BR","og_type":"article","og_title":"Doce de leite Rocca Tradicional 400g - Loja Viajando com Toledo","og_description":"A Rocca nasceu em uma fazenda (Fazenda Z\u00e9 Pequeno) que produz leite a mais de 60 anos, em Pouso Alegre, no Sul de Minas Gerais com a ideia de criar um produto que resgatasse o prazer do Doce de Leite. Assim \u00e9 o Doce de Leite Rocca Tradicional, nos traz o que a de melhor em Minas Gerais.  CARACTER\u00cdSTICAS   Regi\u00e3o:\u00a0Pouso Alegre \/ Minas Gerais.  Cor: Por passar um longo processo de cozimento, ficam com um aspecto de um doce mais escuro.  Ingredientes: Leite e a\u00e7\u00facar. N\u00e3o cont\u00e9m conservantes e espessante.   Provada e aprovada por Ot\u00e1vio di Toledo.\u00a0  sugest\u00e3o de consumo  O Doce de Leite Rocca Tradicional \u00e9 perfeito para comer de colher, com p\u00e3o de queijo, queijo fresco, salada de frutas ou at\u00e9 mesmo torradinhas.  CONSERVA\u00c7\u00c3O Ap\u00f3s aberto manter refrigerado e consumir em at\u00e9 7 dias.  SUA HIST\u00d3RIA A ideia era criar um produto puro que resgatasse o prazer do doce de leite e agregasse valor ao leite produzido na fazenda a mais de 50 anos. Criando boas lembran\u00e7as e conectando o consumidor com o campo. Ap\u00f3s um ano entre acertos e erros, o casal chegou \u00e0 receita, que leva menos a\u00e7\u00facar e nenhum tipo de conservante e espessante. Alguns anos depois, com o crescimento, hoje tem tamb\u00e9m capta\u00e7\u00e3o de leite externo, via cooperativas parceiras que fazem um lindo trabalho com os produtores de leite da Regi\u00e3o. Assim como fazem em casa (leite do Z\u00e9 Pequeno), o sonho sempre foi ajudar e valorizar o trabalho do produtor Rural.","og_url":"https:\/\/viajandocomtoledo.com.br\/loja\/produto\/doce-de-leite-rocca-tradicional-400g\/","og_site_name":"Loja Viajando com Toledo","article_publisher":"https:\/\/web.facebook.com\/viajandocomtoledo","article_modified_time":"2026-03-20T14:11:22+00:00","og_image":[{"width":1080,"height":1080,"url":"https:\/\/viajandocomtoledo.com.br\/loja\/wp-content\/uploads\/2022\/05\/2.png","type":"image\/png"}],"twitter_card":"summary_large_image","twitter_misc":{"Est. tempo de leitura":"1 minuto"},"schema":{"@context":"https:\/\/schema.org","@graph":[{"@type":"WebPage","@id":"https:\/\/viajandocomtoledo.com.br\/loja\/produto\/doce-de-leite-rocca-tradicional-400g\/","url":"https:\/\/viajandocomtoledo.com.br\/loja\/produto\/doce-de-leite-rocca-tradicional-400g\/","name":"Doce de leite Rocca Tradicional 400g - Loja Viajando com Toledo","isPartOf":{"@id":"https:\/\/viajandocomtoledo.com.br\/loja\/#website"},"primaryImageOfPage":{"@id":"https:\/\/viajandocomtoledo.com.br\/loja\/produto\/doce-de-leite-rocca-tradicional-400g\/#primaryimage"},"image":{"@id":"https:\/\/viajandocomtoledo.com.br\/loja\/produto\/doce-de-leite-rocca-tradicional-400g\/#primaryimage"},"thumbnailUrl":"https:\/\/viajandocomtoledo.com.br\/loja\/wp-content\/uploads\/2022\/05\/2.png","datePublished":"2022-11-22T19:29:28+00:00","dateModified":"2026-03-20T14:11:22+00:00","breadcrumb":{"@id":"https:\/\/viajandocomtoledo.com.br\/loja\/produto\/doce-de-leite-rocca-tradicional-400g\/#breadcrumb"},"inLanguage":"pt-BR","potentialAction":[{"@type":"ReadAction","target":["https:\/\/viajandocomtoledo.com.br\/loja\/produto\/doce-de-leite-rocca-tradicional-400g\/"]}]},{"@type":"ImageObject","inLanguage":"pt-BR","@id":"https:\/\/viajandocomtoledo.com.br\/loja\/produto\/doce-de-leite-rocca-tradicional-400g\/#primaryimage","url":"https:\/\/viajandocomtoledo.com.br\/loja\/wp-content\/uploads\/2022\/05\/2.png","contentUrl":"https:\/\/viajandocomtoledo.com.br\/loja\/wp-content\/uploads\/2022\/05\/2.png","width":1080,"height":1080},{"@type":"BreadcrumbList","@id":"https:\/\/viajandocomtoledo.com.br\/loja\/produto\/doce-de-leite-rocca-tradicional-400g\/#breadcrumb","itemListElement":[{"@type":"ListItem","position":1,"name":"In\u00edcio","item":"https:\/\/viajandocomtoledo.com.br\/loja\/"},{"@type":"ListItem","position":2,"name":"Produtos","item":"https:\/\/viajandocomtoledo.com.br\/loja\/"},{"@type":"ListItem","position":3,"name":"Doce de leite Rocca Tradicional 400g"}]},{"@type":"WebSite","@id":"https:\/\/viajandocomtoledo.com.br\/loja\/#website","url":"https:\/\/viajandocomtoledo.com.br\/loja\/","name":"Loja Viajando com Toledo","description":"Loja do site - Viajando com Toledo","publisher":{"@id":"https:\/\/viajandocomtoledo.com.br\/loja\/#organization"},"potentialAction":[{"@type":"SearchAction","target":{"@type":"EntryPoint","urlTemplate":"https:\/\/viajandocomtoledo.com.br\/loja\/?s={search_term_string}"},"query-input":{"@type":"PropertyValueSpecification","valueRequired":true,"valueName":"search_term_string"}}],"inLanguage":"pt-BR"},{"@type":"Organization","@id":"https:\/\/viajandocomtoledo.com.br\/loja\/#organization","name":"Loja Viajando com Toledo","url":"https:\/\/viajandocomtoledo.com.br\/loja\/","logo":{"@type":"ImageObject","inLanguage":"pt-BR","@id":"https:\/\/viajandocomtoledo.com.br\/loja\/#\/schema\/logo\/image\/","url":"https:\/\/viajandocomtoledo.com.br\/loja\/wp-content\/uploads\/2021\/07\/LOGO-VCT-e1626871875731.png","contentUrl":"https:\/\/viajandocomtoledo.com.br\/loja\/wp-content\/uploads\/2021\/07\/LOGO-VCT-e1626871875731.png","width":100,"height":46,"caption":"Loja Viajando com Toledo"},"image":{"@id":"https:\/\/viajandocomtoledo.com.br\/loja\/#\/schema\/logo\/image\/"},"sameAs":["https:\/\/web.facebook.com\/viajandocomtoledo","https:\/\/www.instagram.com\/viajandocomtoledo\/"]}]}},"_links":{"self":[{"href":"https:\/\/viajandocomtoledo.com.br\/loja\/wp-json\/wp\/v2\/product\/1299","targetHints":{"allow":["GET"]}}],"collection":[{"href":"https:\/\/viajandocomtoledo.com.br\/loja\/wp-json\/wp\/v2\/product"}],"about":[{"href":"https:\/\/viajandocomtoledo.com.br\/loja\/wp-json\/wp\/v2\/types\/product"}],"replies":[{"embeddable":true,"href":"https:\/\/viajandocomtoledo.com.br\/loja\/wp-json\/wp\/v2\/comments?post=1299"}],"wp:featuredmedia":[{"embeddable":true,"href":"https:\/\/viajandocomtoledo.com.br\/loja\/wp-json\/wp\/v2\/media\/3961"}],"wp:attachment":[{"href":"https:\/\/viajandocomtoledo.com.br\/loja\/wp-json\/wp\/v2\/media?parent=1299"}],"wp:term":[{"taxonomy":"product_cat","embeddable":true,"href":"https:\/\/viajandocomtoledo.com.br\/loja\/wp-json\/wp\/v2\/product_cat?post=1299"},{"taxonomy":"product_tag","embeddable":true,"href":"https:\/\/viajandocomtoledo.com.br\/loja\/wp-json\/wp\/v2\/product_tag?post=1299"}],"curies":[{"name":"wp","href":"https:\/\/api.w.org\/{rel}","templated":true}]}}